Last updated on 2025-02-21 02:52:20 CET.
Flavor | Version | Tinstall | Tcheck | Ttotal | Status | Flags |
---|---|---|---|---|---|---|
r-devel-linux-x86_64-debian-clang | 0.2.4 | 2.16 | 23.43 | 25.59 | NOTE | |
r-devel-linux-x86_64-debian-gcc | 0.2.4 | 1.36 | 18.41 | 19.77 | NOTE | |
r-devel-linux-x86_64-fedora-clang | 0.2.4 | 39.78 | NOTE | |||
r-devel-linux-x86_64-fedora-gcc | 0.2.4 | 37.17 | NOTE | |||
r-devel-macos-arm64 | 0.2.4 | 20.00 | OK | |||
r-devel-macos-x86_64 | 0.2.4 | 29.00 | NOTE | |||
r-devel-windows-x86_64 | 0.2.4 | 4.00 | 47.00 | 51.00 | NOTE | |
r-patched-linux-x86_64 | 0.2.4 | 2.29 | 22.04 | 24.33 | OK | |
r-release-linux-x86_64 | 0.2.4 | 1.60 | 22.01 | 23.61 | OK | |
r-release-macos-arm64 | 0.2.4 | 17.00 | OK | |||
r-release-macos-x86_64 | 0.2.4 | 22.00 | OK | |||
r-release-windows-x86_64 | 0.2.4 | 4.00 | 47.00 | 51.00 | OK | |
r-oldrel-macos-arm64 | 0.2.4 | 23.00 | OK | |||
r-oldrel-macos-x86_64 | 0.2.4 | 29.00 | OK | |||
r-oldrel-windows-x86_64 | 0.2.4 | 4.00 | 47.00 | 51.00 | OK |
Version: 0.2.4
Check: DESCRIPTION meta-information
Result: NOTE
Missing dependency on R >= 4.1.0 because package code uses the pipe
|> or function shorthand \(...) syntax added in R 4.1.0.
File(s) using such syntax:
‘utils.R’ ‘weather_now.R’
Flavors: r-devel-linux-x86_64-debian-clang, r-devel-linux-x86_64-debian-gcc, r-devel-linux-x86_64-fedora-clang, r-devel-linux-x86_64-fedora-gcc, r-devel-macos-x86_64, r-devel-windows-x86_64