Last updated on 2025-02-18 02:50:44 CET.
Flavor | Version | Tinstall | Tcheck | Ttotal | Status | Flags |
---|---|---|---|---|---|---|
r-devel-linux-x86_64-debian-clang | 1.0.4 | 2.34 | 25.50 | 27.84 | NOTE | |
r-devel-linux-x86_64-debian-gcc | 1.0.4 | 1.84 | 20.09 | 21.93 | NOTE | |
r-devel-linux-x86_64-fedora-clang | 1.0.4 | 44.76 | NOTE | |||
r-devel-linux-x86_64-fedora-gcc | 1.0.4 | 40.89 | NOTE | |||
r-devel-macos-arm64 | 1.0.4 | 25.00 | OK | |||
r-devel-macos-x86_64 | 1.0.4 | 42.00 | NOTE | |||
r-devel-windows-x86_64 | 1.0.4 | 4.00 | 52.00 | 56.00 | NOTE | |
r-patched-linux-x86_64 | 1.0.4 | 2.43 | 23.94 | 26.37 | OK | |
r-release-linux-x86_64 | 1.0.4 | 2.28 | 23.85 | 26.13 | OK | |
r-release-macos-arm64 | 1.0.4 | 26.00 | OK | |||
r-release-macos-x86_64 | 1.0.4 | 47.00 | OK | |||
r-release-windows-x86_64 | 1.0.4 | 4.00 | 51.00 | 55.00 | OK | |
r-oldrel-macos-arm64 | 1.0.4 | 31.00 | OK | |||
r-oldrel-macos-x86_64 | 1.0.4 | 55.00 | OK | |||
r-oldrel-windows-x86_64 | 1.0.4 | 5.00 | 57.00 | 62.00 | OK |
Version: 1.0.4
Check: DESCRIPTION meta-information
Result: NOTE
Missing dependency on R >= 4.1.0 because package code uses the pipe
|> or function shorthand \(...) syntax added in R 4.1.0.
File(s) using such syntax:
‘oscai.R’
Flavors: r-devel-linux-x86_64-debian-clang, r-devel-linux-x86_64-debian-gcc, r-devel-linux-x86_64-fedora-clang, r-devel-linux-x86_64-fedora-gcc, r-devel-macos-x86_64, r-devel-windows-x86_64