Last updated on 2025-02-21 02:52:20 CET.
Flavor | Version | Tinstall | Tcheck | Ttotal | Status | Flags |
---|---|---|---|---|---|---|
r-devel-linux-x86_64-debian-clang | 4.2.8 | 90.50 | 116.24 | 206.74 | OK | |
r-devel-linux-x86_64-debian-gcc | 4.2.8 | 66.88 | 79.94 | 146.82 | OK | |
r-devel-linux-x86_64-fedora-clang | 4.2.8 | 352.01 | OK | |||
r-devel-linux-x86_64-fedora-gcc | 4.2.8 | 369.68 | OK | |||
r-devel-macos-arm64 | 4.2.8 | 107.00 | OK | |||
r-devel-macos-x86_64 | 4.2.8 | 201.00 | OK | |||
r-devel-windows-x86_64 | 4.2.8 | 92.00 | 176.00 | 268.00 | OK | |
r-patched-linux-x86_64 | 4.2.8 | 96.38 | 109.53 | 205.91 | OK | |
r-release-linux-x86_64 | 4.2.8 | 94.73 | 108.78 | 203.51 | OK | |
r-release-macos-arm64 | 4.2.8 | 118.00 | NOTE | |||
r-release-macos-x86_64 | 4.2.8 | 260.00 | NOTE | |||
r-release-windows-x86_64 | 4.2.8 | 96.00 | 167.00 | 263.00 | OK | |
r-oldrel-macos-arm64 | 4.2.7.1 | 119.00 | NOTE | |||
r-oldrel-macos-x86_64 | 4.2.8 | 193.00 | NOTE | |||
r-oldrel-windows-x86_64 | 4.2.8 | 124.00 | 197.00 | 321.00 | OK |
Version: 4.2.8
Check: installed package size
Result: NOTE
installed size is 7.4Mb
sub-directories of 1Mb or more:
extdata 1.2Mb
libs 5.1Mb
Flavors: r-release-macos-arm64, r-release-macos-x86_64, r-oldrel-macos-x86_64
Version: 4.2.7.1
Check: installed package size
Result: NOTE
installed size is 7.4Mb
sub-directories of 1Mb or more:
extdata 1.2Mb
libs 5.1Mb
Flavor: r-oldrel-macos-arm64