Last updated on 2025-02-18 02:50:44 CET.
Flavor | Version | Tinstall | Tcheck | Ttotal | Status | Flags |
---|---|---|---|---|---|---|
r-devel-linux-x86_64-debian-clang | 1.8.0 | 12.20 | 110.17 | 122.37 | NOTE | |
r-devel-linux-x86_64-debian-gcc | 1.8.0 | 8.28 | 84.18 | 92.46 | NOTE | |
r-devel-linux-x86_64-fedora-clang | 1.8.0 | 194.58 | NOTE | |||
r-devel-linux-x86_64-fedora-gcc | 1.8.0 | 200.60 | NOTE | |||
r-devel-macos-arm64 | 1.8.0 | 62.00 | NOTE | |||
r-devel-macos-x86_64 | 1.8.0 | 133.00 | NOTE | |||
r-devel-windows-x86_64 | 1.8.0 | 12.00 | 117.00 | 129.00 | NOTE | |
r-patched-linux-x86_64 | 1.8.0 | 8.86 | 104.58 | 113.44 | NOTE | |
r-release-linux-x86_64 | 1.8.0 | 10.19 | 103.60 | 113.79 | NOTE | |
r-release-macos-arm64 | 1.8.0 | 64.00 | NOTE | |||
r-release-macos-x86_64 | 1.8.0 | 95.00 | NOTE | |||
r-release-windows-x86_64 | 1.8.0 | 13.00 | 117.00 | 130.00 | NOTE | |
r-oldrel-macos-arm64 | 1.8.0 | 58.00 | NOTE | |||
r-oldrel-macos-x86_64 | 1.8.0 | 101.00 | NOTE | |||
r-oldrel-windows-x86_64 | 1.8.0 | 16.00 | 140.00 | 156.00 | NOTE |
Version: 1.8.0
Check: package subdirectories
Result: NOTE
Problems with news in ‘NEWS.md’:
No news entries found.
Flavors: r-devel-linux-x86_64-debian-clang, r-devel-linux-x86_64-debian-gcc, r-devel-linux-x86_64-fedora-clang, r-devel-linux-x86_64-fedora-gcc, r-devel-macos-arm64, r-devel-macos-x86_64, r-devel-windows-x86_64, r-patched-linux-x86_64, r-release-linux-x86_64, r-release-macos-arm64, r-release-macos-x86_64, r-release-windows-x86_64, r-oldrel-macos-arm64, r-oldrel-macos-x86_64, r-oldrel-windows-x86_64
Version: 1.8.0
Check: Rd files
Result: NOTE
checkRd: (-1) word_imp.Rd:14: Lost braces
14 | number of individual records. An \code{n} x code{2} dataframe can
| ^
Flavors: r-devel-linux-x86_64-debian-clang, r-devel-linux-x86_64-debian-gcc, r-devel-linux-x86_64-fedora-clang, r-devel-linux-x86_64-fedora-gcc, r-devel-macos-arm64, r-devel-macos-x86_64, r-devel-windows-x86_64, r-patched-linux-x86_64, r-release-linux-x86_64, r-release-macos-arm64, r-release-macos-x86_64, r-release-windows-x86_64