Last updated on 2024-05-21 14:57:18 CEST.
Flavor | Version | Tinstall | Tcheck | Ttotal | Status | Flags |
---|---|---|---|---|---|---|
r-devel-linux-x86_64-debian-clang | 1.8.0 | 10.74 | 136.50 | 147.24 | NOTE | |
r-devel-linux-x86_64-debian-gcc | 1.8.0 | 9.53 | 102.69 | 112.22 | NOTE | |
r-devel-linux-x86_64-fedora-clang | 1.8.0 | 188.71 | NOTE | |||
r-devel-linux-x86_64-fedora-gcc | 1.8.0 | 190.88 | NOTE | |||
r-devel-windows-x86_64 | 1.8.0 | 12.00 | 119.00 | 131.00 | NOTE | |
r-patched-linux-x86_64 | 1.8.0 | 8.78 | 134.49 | 143.27 | NOTE | |
r-release-linux-x86_64 | 1.8.0 | 8.94 | 132.00 | 140.94 | NOTE | |
r-release-macos-arm64 | 1.8.0 | 64.00 | NOTE | |||
r-release-windows-x86_64 | 1.8.0 | 14.00 | 119.00 | 133.00 | NOTE | |
r-oldrel-macos-arm64 | 1.8.0 | 58.00 | NOTE | |||
r-oldrel-macos-x86_64 | 1.8.0 | 101.00 | NOTE | |||
r-oldrel-windows-x86_64 | 1.8.0 | 17.00 | 143.00 | 160.00 | NOTE |
Version: 1.8.0
Check: package subdirectories
Result: NOTE
Problems with news in ‘NEWS.md’:
No news entries found.
Flavors: r-devel-linux-x86_64-debian-clang, r-devel-linux-x86_64-debian-gcc, r-devel-linux-x86_64-fedora-clang, r-devel-linux-x86_64-fedora-gcc, r-devel-windows-x86_64, r-patched-linux-x86_64, r-release-linux-x86_64, r-release-macos-arm64, r-release-windows-x86_64, r-oldrel-macos-arm64, r-oldrel-macos-x86_64, r-oldrel-windows-x86_64
Version: 1.8.0
Check: Rd files
Result: NOTE
checkRd: (-1) word_imp.Rd:14: Lost braces
14 | number of individual records. An \code{n} x code{2} dataframe can
| ^
Flavors: r-devel-linux-x86_64-debian-clang, r-devel-linux-x86_64-debian-gcc, r-devel-linux-x86_64-fedora-clang, r-devel-linux-x86_64-fedora-gcc, r-devel-windows-x86_64, r-patched-linux-x86_64, r-release-linux-x86_64, r-release-macos-arm64, r-release-windows-x86_64