Last updated on 2025-02-21 02:52:20 CET.
Flavor | Version | Tinstall | Tcheck | Ttotal | Status | Flags |
---|---|---|---|---|---|---|
r-devel-linux-x86_64-debian-clang | 2.0.9 | 111.88 | 231.57 | 343.45 | OK | |
r-devel-linux-x86_64-debian-gcc | 2.0.9 | 81.34 | 186.59 | 267.93 | OK | |
r-devel-linux-x86_64-fedora-clang | 2.0.9 | 599.43 | OK | |||
r-devel-linux-x86_64-fedora-gcc | 2.0.9 | 585.97 | OK | |||
r-devel-macos-arm64 | 2.0.9 | 167.00 | OK | |||
r-devel-macos-x86_64 | 2.0.9 | 249.00 | OK | |||
r-devel-windows-x86_64 | 2.0.9 | 117.00 | 254.00 | 371.00 | OK | |
r-patched-linux-x86_64 | 2.0.9 | 102.55 | 221.58 | 324.13 | OK | |
r-release-linux-x86_64 | 2.0.9 | 98.15 | 215.20 | 313.35 | OK | |
r-release-macos-arm64 | 2.0.9 | 182.00 | NOTE | |||
r-release-macos-x86_64 | 2.0.9 | 355.00 | NOTE | |||
r-release-windows-x86_64 | 2.0.9 | 118.00 | 242.00 | 360.00 | OK | |
r-oldrel-macos-arm64 | 2.0.9 | 264.00 | NOTE | |||
r-oldrel-macos-x86_64 | 2.0.9 | 455.00 | NOTE | |||
r-oldrel-windows-x86_64 | 2.0.9 | 148.00 | 288.00 | 436.00 | OK |
Version: 2.0.9
Check: installed package size
Result: NOTE
installed size is 6.0Mb
sub-directories of 1Mb or more:
extdata 1.8Mb
libs 3.1Mb
Flavors: r-release-macos-arm64, r-release-macos-x86_64, r-oldrel-macos-arm64, r-oldrel-macos-x86_64