CRAN Package Check Results for Package oshka

Last updated on 2025-02-21 02:52:20 CET.

Flavor Version Tinstall Tcheck Ttotal Status Flags
r-devel-linux-x86_64-debian-clang 0.1.2 1.75 29.51 31.26 OK
r-devel-linux-x86_64-debian-gcc 0.1.2 1.38 23.59 24.97 OK
r-devel-linux-x86_64-fedora-clang 0.1.2 51.13 OK
r-devel-linux-x86_64-fedora-gcc 0.1.2 64.06 OK
r-devel-macos-arm64 0.1.2 25.00 OK
r-devel-macos-x86_64 0.1.2 41.00 OK
r-devel-windows-x86_64 0.1.2 2.00 59.00 61.00 OK
r-patched-linux-x86_64 0.1.2 1.63 27.88 29.51 NOTE
r-release-linux-x86_64 0.1.2 1.52 27.80 29.32 NOTE
r-release-macos-arm64 0.1.2 24.00 NOTE
r-release-macos-x86_64 0.1.2 35.00 NOTE
r-release-windows-x86_64 0.1.2 2.00 52.00 54.00 NOTE
r-oldrel-macos-arm64 0.1.2 26.00 NOTE
r-oldrel-macos-x86_64 0.1.2 38.00 NOTE
r-oldrel-windows-x86_64 0.1.2 3.00 59.00 62.00 NOTE

Check Details

Version: 0.1.2
Check: LazyData
Result: NOTE 'LazyData' is specified without a 'data' directory Flavors: r-patched-linux-x86_64, r-release-linux-x86_64, r-release-macos-arm64, r-release-macos-x86_64, r-release-windows-x86_64, r-oldrel-macos-arm64, r-oldrel-macos-x86_64, r-oldrel-windows-x86_64