CRAN Package Check Results for Package outreg

Last updated on 2025-02-21 02:52:20 CET.

Flavor Version Tinstall Tcheck Ttotal Status Flags
r-devel-linux-x86_64-debian-clang 0.2.2 2.56 31.12 33.68 OK
r-devel-linux-x86_64-debian-gcc 0.2.2 1.87 23.02 24.89 OK
r-devel-linux-x86_64-fedora-clang 0.2.2 52.93 OK
r-devel-linux-x86_64-fedora-gcc 0.2.2 50.72 OK
r-devel-macos-arm64 0.2.2 21.00 OK
r-devel-macos-x86_64 0.2.2 44.00 OK
r-devel-windows-x86_64 0.2.2 5.00 50.00 55.00 OK
r-patched-linux-x86_64 0.2.2 2.60 29.29 31.89 NOTE
r-release-linux-x86_64 0.2.2 2.35 28.90 31.25 NOTE
r-release-macos-arm64 0.2.2 19.00 NOTE
r-release-macos-x86_64 0.2.2 29.00 NOTE
r-release-windows-x86_64 0.2.2 4.00 51.00 55.00 NOTE
r-oldrel-macos-arm64 0.2.2 21.00 NOTE
r-oldrel-macos-x86_64 0.2.2 28.00 NOTE
r-oldrel-windows-x86_64 0.2.2 5.00 52.00 57.00 NOTE

Check Details

Version: 0.2.2
Check: LazyData
Result: NOTE 'LazyData' is specified without a 'data' directory Flavors: r-patched-linux-x86_64, r-release-linux-x86_64, r-release-macos-arm64, r-release-macos-x86_64, r-release-windows-x86_64, r-oldrel-macos-arm64, r-oldrel-macos-x86_64, r-oldrel-windows-x86_64