CRAN Package Check Results for Package overture

Last updated on 2025-02-20 14:51:02 CET.

Flavor Version Tinstall Tcheck Ttotal Status Flags
r-devel-linux-x86_64-debian-clang 0.4-0 1.93 26.18 28.11 NOTE
r-devel-linux-x86_64-debian-gcc 0.4-0 1.36 19.78 21.14 NOTE
r-devel-linux-x86_64-fedora-clang 0.4-0 43.48 OK
r-devel-linux-x86_64-fedora-gcc 0.4-0 56.12 OK
r-devel-macos-arm64 0.4-0 24.00 OK
r-devel-macos-x86_64 0.4-0 51.00 OK
r-devel-windows-x86_64 0.4-0 4.00 48.00 52.00 NOTE
r-patched-linux-x86_64 0.4-0 4.11 25.05 29.16 NOTE
r-release-linux-x86_64 0.4-0 1.16 24.86 26.02 NOTE
r-release-macos-arm64 0.4-0 22.00 NOTE
r-release-macos-x86_64 0.4-0 33.00 NOTE
r-release-windows-x86_64 0.4-0 3.00 47.00 50.00 NOTE
r-oldrel-macos-arm64 0.4-0 24.00 NOTE
r-oldrel-macos-x86_64 0.4-0 35.00 NOTE
r-oldrel-windows-x86_64 0.4-0 3.00 51.00 54.00 NOTE

Check Details

Version: 0.4-0
Check: Rd cross-references
Result: NOTE Found the following Rd file(s) with Rd \link{} targets missing package anchors: InitMcmc.Rd: big.matrix, bigmemory LoadMcmc.Rd: big.matrix, attach.big.matrix Peek.Rd: big.matrix Resume.Rd: big.matrix ToMemory.Rd: big.matrix Please provide package anchors for all Rd \link{} targets not in the package itself and the base packages. Flavors: r-devel-linux-x86_64-debian-clang, r-devel-linux-x86_64-debian-gcc, r-devel-windows-x86_64

Version: 0.4-0
Check: LazyData
Result: NOTE 'LazyData' is specified without a 'data' directory Flavors: r-patched-linux-x86_64, r-release-linux-x86_64, r-release-macos-arm64, r-release-macos-x86_64, r-release-windows-x86_64, r-oldrel-macos-arm64, r-oldrel-macos-x86_64, r-oldrel-windows-x86_64