Last updated on 2024-05-21 14:57:19 CEST.
Flavor | Version | Tinstall | Tcheck | Ttotal | Status | Flags |
---|---|---|---|---|---|---|
r-devel-linux-x86_64-debian-clang | 0.1.1 | 5.58 | 47.32 | 52.90 | NOTE | |
r-devel-linux-x86_64-debian-gcc | 0.1.1 | 4.36 | 35.82 | 40.18 | NOTE | |
r-devel-linux-x86_64-fedora-clang | 0.1.1 | 66.81 | NOTE | |||
r-devel-linux-x86_64-fedora-gcc | 0.1.1 | 61.77 | NOTE | |||
r-devel-windows-x86_64 | 0.1.1 | 6.00 | 56.00 | 62.00 | NOTE | |
r-patched-linux-x86_64 | 0.1.1 | 3.56 | 45.36 | 48.92 | NOTE | |
r-release-linux-x86_64 | 0.1.1 | 3.37 | 45.09 | 48.46 | NOTE | |
r-release-macos-arm64 | 0.1.1 | 21.00 | NOTE | |||
r-release-windows-x86_64 | 0.1.1 | 7.00 | 56.00 | 63.00 | NOTE | |
r-oldrel-macos-arm64 | 0.1.1 | 21.00 | NOTE | |||
r-oldrel-macos-x86_64 | 0.1.1 | 29.00 | NOTE | |||
r-oldrel-windows-x86_64 | 0.1.1 | 8.00 | 61.00 | 69.00 | NOTE |
Version: 0.1.1
Check: LazyData
Result: NOTE
'LazyData' is specified without a 'data' directory
Flavors: r-devel-linux-x86_64-debian-clang, r-devel-linux-x86_64-debian-gcc, r-devel-linux-x86_64-fedora-clang, r-devel-linux-x86_64-fedora-gcc, r-devel-windows-x86_64, r-patched-linux-x86_64, r-release-linux-x86_64, r-release-macos-arm64, r-release-windows-x86_64, r-oldrel-macos-arm64, r-oldrel-macos-x86_64, r-oldrel-windows-x86_64