CRAN Package Check Results for Package oysteR

Last updated on 2025-02-21 02:52:20 CET.

Flavor Version Tinstall Tcheck Ttotal Status Flags
r-devel-linux-x86_64-debian-clang 0.1.1 4.88 38.10 42.98 OK
r-devel-linux-x86_64-debian-gcc 0.1.1 3.27 27.13 30.40 OK
r-devel-linux-x86_64-fedora-clang 0.1.1 67.62 OK
r-devel-linux-x86_64-fedora-gcc 0.1.1 61.78 OK
r-devel-macos-arm64 0.1.1 23.00 OK
r-devel-macos-x86_64 0.1.1 42.00 OK
r-devel-windows-x86_64 0.1.1 7.00 60.00 67.00 OK
r-patched-linux-x86_64 0.1.1 4.52 35.12 39.64 NOTE
r-release-linux-x86_64 0.1.1 4.21 35.07 39.28 NOTE
r-release-macos-arm64 0.1.1 21.00 NOTE
r-release-macos-x86_64 0.1.1 36.00 NOTE
r-release-windows-x86_64 0.1.1 7.00 55.00 62.00 NOTE
r-oldrel-macos-arm64 0.1.1 21.00 NOTE
r-oldrel-macos-x86_64 0.1.1 29.00 NOTE
r-oldrel-windows-x86_64 0.1.1 7.00 87.00 94.00 NOTE

Check Details

Version: 0.1.1
Check: LazyData
Result: NOTE 'LazyData' is specified without a 'data' directory Flavors: r-patched-linux-x86_64, r-release-linux-x86_64, r-release-macos-arm64, r-release-macos-x86_64, r-release-windows-x86_64, r-oldrel-macos-arm64, r-oldrel-macos-x86_64, r-oldrel-windows-x86_64