Last updated on 2025-05-13 14:50:30 CEST.
Flavor | Version | Tinstall | Tcheck | Ttotal | Status | Flags |
---|---|---|---|---|---|---|
r-devel-linux-x86_64-debian-clang | 0.1.44 | 12.96 | 254.66 | 267.62 | OK | |
r-devel-linux-x86_64-debian-gcc | 0.1.44 | 10.15 | 178.04 | 188.19 | OK | |
r-devel-linux-x86_64-fedora-clang | 0.1.44 | 398.33 | OK | |||
r-devel-linux-x86_64-fedora-gcc | 0.1.44 | 438.70 | OK | |||
r-devel-windows-x86_64 | 0.1.44 | 14.00 | 231.00 | 245.00 | OK | |
r-patched-linux-x86_64 | 0.1.44 | 13.97 | 239.70 | 253.67 | OK | |
r-release-linux-x86_64 | 0.1.44 | 11.83 | 240.07 | 251.90 | OK | |
r-release-macos-arm64 | 0.1.44 | 156.00 | OK | |||
r-release-macos-x86_64 | 0.1.44 | 216.00 | OK | |||
r-release-windows-x86_64 | 0.1.44 | 15.00 | 233.00 | 248.00 | OK | |
r-oldrel-macos-arm64 | 0.1.44 | 109.00 | NOTE | |||
r-oldrel-macos-x86_64 | 0.1.44 | 213.00 | NOTE | |||
r-oldrel-windows-x86_64 | 0.1.44 | 20.00 | 306.00 | 326.00 | NOTE |
Version: 0.1.44
Check: installed package size
Result: NOTE
installed size is 7.1Mb
sub-directories of 1Mb or more:
doc 1.9Mb
extdata 4.8Mb
Flavors: r-oldrel-macos-arm64, r-oldrel-macos-x86_64, r-oldrel-windows-x86_64