Last updated on 2025-02-21 02:52:20 CET.
Flavor | Version | Tinstall | Tcheck | Ttotal | Status | Flags |
---|---|---|---|---|---|---|
r-devel-linux-x86_64-debian-clang | 0.0.2 | 3.42 | 33.34 | 36.76 | NOTE | |
r-devel-linux-x86_64-debian-gcc | 0.0.2 | 2.28 | 24.87 | 27.15 | NOTE | |
r-devel-linux-x86_64-fedora-clang | 0.0.2 | 58.55 | NOTE | |||
r-devel-linux-x86_64-fedora-gcc | 0.0.2 | 56.37 | NOTE | |||
r-devel-macos-arm64 | 0.0.2 | 23.00 | OK | |||
r-devel-macos-x86_64 | 0.0.2 | 47.00 | NOTE | |||
r-devel-windows-x86_64 | 0.0.2 | 5.00 | 53.00 | 58.00 | NOTE | |
r-patched-linux-x86_64 | 0.0.2 | 3.25 | 31.09 | 34.34 | OK | |
r-release-linux-x86_64 | 0.0.2 | 3.18 | 31.05 | 34.23 | OK | |
r-release-macos-arm64 | 0.0.2 | 26.00 | OK | |||
r-release-macos-x86_64 | 0.0.2 | 31.00 | OK | |||
r-release-windows-x86_64 | 0.0.2 | 5.00 | 53.00 | 58.00 | OK | |
r-oldrel-macos-arm64 | 0.0.2 | 28.00 | OK | |||
r-oldrel-macos-x86_64 | 0.0.2 | 45.00 | OK | |||
r-oldrel-windows-x86_64 | 0.0.2 | 6.00 | 63.00 | 69.00 | OK |
Version: 0.0.2
Check: DESCRIPTION meta-information
Result: NOTE
Missing dependency on R >= 4.1.0 because package code uses the pipe
|> or function shorthand \(...) syntax added in R 4.1.0.
File(s) using such syntax:
‘utils.R’
Flavors: r-devel-linux-x86_64-debian-clang, r-devel-linux-x86_64-debian-gcc, r-devel-linux-x86_64-fedora-clang, r-devel-linux-x86_64-fedora-gcc, r-devel-macos-x86_64, r-devel-windows-x86_64