Last updated on 2025-02-20 14:51:02 CET.
Flavor | Version | Tinstall | Tcheck | Ttotal | Status | Flags |
---|---|---|---|---|---|---|
r-devel-linux-x86_64-debian-clang | 1.0.0.4 | 11.19 | 52.74 | 63.93 | NOTE | |
r-devel-linux-x86_64-debian-gcc | 1.0.0.4 | 6.61 | 39.30 | 45.91 | NOTE | |
r-devel-linux-x86_64-fedora-clang | 1.0.0.4 | 100.55 | NOTE | |||
r-devel-linux-x86_64-fedora-gcc | 1.0.0.4 | 114.95 | NOTE | |||
r-devel-macos-arm64 | 1.0.0.4 | 36.00 | OK | |||
r-devel-macos-x86_64 | 1.0.0.4 | 80.00 | NOTE | |||
r-devel-windows-x86_64 | 1.0.0.4 | 13.00 | 72.00 | 85.00 | NOTE | |
r-patched-linux-x86_64 | 1.0.0.4 | 11.90 | 49.26 | 61.16 | OK | |
r-release-linux-x86_64 | 1.0.0.4 | 10.17 | 49.74 | 59.91 | OK | |
r-release-macos-arm64 | 1.0.0.4 | 40.00 | OK | |||
r-release-macos-x86_64 | 1.0.0.4 | 70.00 | OK | |||
r-release-windows-x86_64 | 1.0.0.4 | 14.00 | 71.00 | 85.00 | OK | |
r-oldrel-macos-arm64 | 1.0.0.4 | 46.00 | OK | |||
r-oldrel-macos-x86_64 | 1.0.0.4 | 63.00 | OK | |||
r-oldrel-windows-x86_64 | 1.0.0.4 | 17.00 | 78.00 | 95.00 | OK |
Version: 1.0.0.4
Check: DESCRIPTION meta-information
Result: NOTE
Missing dependency on R >= 4.1.0 because package code uses the pipe
|> or function shorthand \(...) syntax added in R 4.1.0.
File(s) using such syntax:
‘mod_control_form.R’ ‘mod_leaflet_map.R’
Flavors: r-devel-linux-x86_64-debian-clang, r-devel-linux-x86_64-debian-gcc, r-devel-linux-x86_64-fedora-clang, r-devel-linux-x86_64-fedora-gcc, r-devel-macos-x86_64, r-devel-windows-x86_64