Last updated on 2025-02-21 02:52:20 CET.
Flavor | Version | Tinstall | Tcheck | Ttotal | Status | Flags |
---|---|---|---|---|---|---|
r-devel-linux-x86_64-debian-clang | 1.5.1 | 2.99 | 49.88 | 52.87 | OK | |
r-devel-linux-x86_64-debian-gcc | 1.5.1 | 1.81 | 39.54 | 41.35 | OK | |
r-devel-linux-x86_64-fedora-clang | 1.5.1 | 79.47 | OK | |||
r-devel-linux-x86_64-fedora-gcc | 1.5.1 | 81.04 | OK | |||
r-devel-macos-arm64 | 1.5.1 | 33.00 | OK | |||
r-devel-macos-x86_64 | 1.5.1 | 57.00 | OK | |||
r-devel-windows-x86_64 | 1.5.1 | 5.00 | 75.00 | 80.00 | OK | |
r-patched-linux-x86_64 | 1.5.1 | 2.22 | 46.72 | 48.94 | OK | |
r-release-linux-x86_64 | 1.5.1 | 2.91 | 47.93 | 50.84 | OK | |
r-release-macos-arm64 | 1.5.1 | 32.00 | NOTE | |||
r-release-macos-x86_64 | 1.5.1 | 47.00 | NOTE | |||
r-release-windows-x86_64 | 1.5.1 | 5.00 | 75.00 | 80.00 | OK | |
r-oldrel-macos-arm64 | 1.5.1 | 33.00 | NOTE | |||
r-oldrel-macos-x86_64 | 1.5.1 | 49.00 | NOTE | |||
r-oldrel-windows-x86_64 | 1.5.1 | 6.00 | 110.00 | 116.00 | OK |
Version: 1.5.1
Check: package dependencies
Result: NOTE
Package suggested but not available for checking: ‘Rmpi’
Flavors: r-release-macos-arm64, r-release-macos-x86_64, r-oldrel-macos-arm64, r-oldrel-macos-x86_64