Last updated on 2025-02-18 02:50:45 CET.
Flavor | Version | Tinstall | Tcheck | Ttotal | Status | Flags |
---|---|---|---|---|---|---|
r-devel-linux-x86_64-debian-clang | 0.1.7 | 53.93 | 65.45 | 119.38 | NOTE | |
r-devel-linux-x86_64-debian-gcc | 0.1.7 | 39.78 | 48.33 | 88.11 | NOTE | |
r-devel-linux-x86_64-fedora-clang | 0.1.7 | 224.46 | NOTE | |||
r-devel-linux-x86_64-fedora-gcc | 0.1.7 | 232.17 | NOTE | |||
r-devel-macos-arm64 | 0.1.7 | 60.00 | NOTE | |||
r-devel-macos-x86_64 | 0.1.7 | 100.00 | NOTE | |||
r-devel-windows-x86_64 | 0.1.7 | 64.00 | 99.00 | 163.00 | NOTE | |
r-patched-linux-x86_64 | 0.1.7 | 55.06 | 62.74 | 117.80 | NOTE | |
r-release-linux-x86_64 | 0.1.7 | 56.93 | 61.21 | 118.14 | NOTE | |
r-release-macos-arm64 | 0.1.7 | 60.00 | NOTE | |||
r-release-macos-x86_64 | 0.1.7 | 76.00 | NOTE | |||
r-release-windows-x86_64 | 0.1.7 | 63.00 | 104.00 | 167.00 | NOTE | |
r-oldrel-macos-arm64 | 0.1.7 | 73.00 | NOTE | |||
r-oldrel-macos-x86_64 | 0.1.7 | 121.00 | NOTE | |||
r-oldrel-windows-x86_64 | 0.1.7 | 78.00 | 119.00 | 197.00 | NOTE |
Version: 0.1.7
Check: C++ specification
Result: NOTE
Specified C++11: please drop specification unless essential
Flavors: r-devel-linux-x86_64-debian-clang, r-devel-linux-x86_64-debian-gcc, r-devel-linux-x86_64-fedora-clang, r-devel-linux-x86_64-fedora-gcc, r-devel-macos-arm64, r-devel-macos-x86_64, r-devel-windows-x86_64, r-patched-linux-x86_64, r-release-linux-x86_64, r-release-macos-arm64, r-release-macos-x86_64, r-release-windows-x86_64, r-oldrel-macos-arm64, r-oldrel-macos-x86_64, r-oldrel-windows-x86_64