Last updated on 2025-02-21 02:52:20 CET.
Flavor | Version | Tinstall | Tcheck | Ttotal | Status | Flags |
---|---|---|---|---|---|---|
r-devel-linux-x86_64-debian-clang | 0.1.0 | 9.89 | 89.45 | 99.34 | OK | |
r-devel-linux-x86_64-debian-gcc | 0.1.0 | 7.04 | 61.50 | 68.54 | OK | |
r-devel-linux-x86_64-fedora-clang | 0.1.0 | 153.98 | NOTE | |||
r-devel-linux-x86_64-fedora-gcc | 0.1.0 | 160.67 | NOTE | |||
r-devel-macos-arm64 | 0.1.0 | 51.00 | OK | |||
r-devel-macos-x86_64 | 0.1.0 | 108.00 | OK | |||
r-devel-windows-x86_64 | 0.1.0 | 10.00 | 97.00 | 107.00 | OK | |
r-patched-linux-x86_64 | 0.1.0 | 8.79 | 83.12 | 91.91 | OK | |
r-release-linux-x86_64 | 0.1.0 | 8.46 | 82.17 | 90.63 | OK | |
r-release-macos-arm64 | 0.1.0 | 48.00 | OK | |||
r-release-macos-x86_64 | 0.1.0 | 71.00 | OK | |||
r-release-windows-x86_64 | 0.1.0 | 11.00 | 96.00 | 107.00 | OK | |
r-oldrel-macos-arm64 | 0.1.0 | 43.00 | OK | |||
r-oldrel-macos-x86_64 | 0.1.0 | 84.00 | OK | |||
r-oldrel-windows-x86_64 | 0.1.0 | 16.00 | 129.00 | 145.00 | OK |
Version: 0.1.0
Check: dependencies in R code
Result: NOTE
Namespace in Imports field not imported from: ‘flexsurv’
All declared Imports should be used.
Flavors: r-devel-linux-x86_64-fedora-clang, r-devel-linux-x86_64-fedora-gcc