Last updated on 2025-02-18 02:50:45 CET.
Flavor | Version | Tinstall | Tcheck | Ttotal | Status | Flags |
---|---|---|---|---|---|---|
r-devel-linux-x86_64-debian-clang | 0.1.3 | 30.42 | 56.46 | 86.88 | OK | |
r-devel-linux-x86_64-debian-gcc | 0.1.3 | 23.01 | 40.44 | 63.45 | OK | |
r-devel-linux-x86_64-fedora-clang | 0.1.3 | 149.70 | OK | |||
r-devel-linux-x86_64-fedora-gcc | 0.1.3 | 158.68 | OK | |||
r-devel-macos-arm64 | 0.1.3 | 54.00 | OK | |||
r-devel-macos-x86_64 | 0.1.3 | 92.00 | OK | |||
r-devel-windows-x86_64 | 0.1.3 | 33.00 | 97.00 | 130.00 | OK | |
r-patched-linux-x86_64 | 0.1.3 | 32.30 | 52.80 | 85.10 | OK | |
r-release-linux-x86_64 | 0.1.3 | 31.44 | 53.16 | 84.60 | OK | |
r-release-macos-arm64 | 0.1.3 | 53.00 | NOTE | |||
r-release-macos-x86_64 | 0.1.3 | 69.00 | NOTE | |||
r-release-windows-x86_64 | 0.1.3 | 36.00 | 97.00 | 133.00 | OK | |
r-oldrel-macos-arm64 | 0.1.3 | 54.00 | NOTE | |||
r-oldrel-macos-x86_64 | 0.1.3 | 99.00 | NOTE | |||
r-oldrel-windows-x86_64 | 0.1.3 | 41.00 | 112.00 | 153.00 | OK |
Version: 0.1.3
Check: installed package size
Result: NOTE
installed size is 7.2Mb
sub-directories of 1Mb or more:
libs 6.8Mb
Flavors: r-release-macos-arm64, r-release-macos-x86_64, r-oldrel-macos-arm64, r-oldrel-macos-x86_64