Last updated on 2025-02-21 02:52:20 CET.
Flavor | Version | Tinstall | Tcheck | Ttotal | Status | Flags |
---|---|---|---|---|---|---|
r-devel-linux-x86_64-debian-clang | 0.1.3 | 16.25 | 150.79 | 167.04 | OK | |
r-devel-linux-x86_64-debian-gcc | 0.1.3 | 12.74 | 108.21 | 120.95 | OK | |
r-devel-linux-x86_64-fedora-clang | 0.1.3 | 257.87 | NOTE | |||
r-devel-linux-x86_64-fedora-gcc | 0.1.3 | 262.14 | NOTE | |||
r-devel-macos-arm64 | 0.1.3 | 71.00 | OK | |||
r-devel-macos-x86_64 | 0.1.3 | 129.00 | OK | |||
r-devel-windows-x86_64 | 0.1.3 | 18.00 | 135.00 | 153.00 | OK | |
r-patched-linux-x86_64 | 0.1.3 | 14.39 | 134.33 | 148.72 | OK | |
r-release-linux-x86_64 | 0.1.3 | 12.56 | 133.21 | 145.77 | OK | |
r-release-macos-arm64 | 0.1.3 | 70.00 | OK | |||
r-release-macos-x86_64 | 0.1.3 | 110.00 | OK | |||
r-release-windows-x86_64 | 0.1.3 | 18.00 | 132.00 | 150.00 | OK | |
r-oldrel-macos-arm64 | 0.1.3 | 73.00 | OK | |||
r-oldrel-macos-x86_64 | 0.1.3 | 125.00 | OK | |||
r-oldrel-windows-x86_64 | 0.1.3 | 23.00 | 160.00 | 183.00 | OK |
Version: 0.1.3
Check: dependencies in R code
Result: NOTE
Namespaces in Imports field not imported from:
‘clusterProfiler’ ‘purrr’
All declared Imports should be used.
Flavors: r-devel-linux-x86_64-fedora-clang, r-devel-linux-x86_64-fedora-gcc