Last updated on 2025-02-21 02:52:20 CET.
Flavor | Version | Tinstall | Tcheck | Ttotal | Status | Flags |
---|---|---|---|---|---|---|
r-devel-linux-x86_64-debian-clang | 1.0.0 | 33.77 | 80.30 | 114.07 | NOTE | |
r-devel-linux-x86_64-debian-gcc | 1.0.0 | 24.18 | 55.38 | 79.56 | NOTE | |
r-devel-linux-x86_64-fedora-clang | 1.0.0 | 198.88 | NOTE | |||
r-devel-linux-x86_64-fedora-gcc | 1.0.0 | 391.10 | NOTE | |||
r-devel-macos-arm64 | 1.0.0 | 100.00 | NOTE | |||
r-devel-macos-x86_64 | 1.0.0 | 245.00 | NOTE | |||
r-devel-windows-x86_64 | 1.0.0 | 45.00 | 112.00 | 157.00 | NOTE | |
r-patched-linux-x86_64 | 1.0.0 | 32.60 | 75.59 | 108.19 | NOTE | |
r-release-linux-x86_64 | 1.0.0 | 35.77 | 75.11 | 110.88 | NOTE | |
r-release-macos-arm64 | 1.0.0 | 65.00 | NOTE | |||
r-release-macos-x86_64 | 1.0.0 | 120.00 | NOTE | |||
r-release-windows-x86_64 | 1.0.0 | 48.00 | 111.00 | 159.00 | NOTE | |
r-oldrel-macos-arm64 | 1.0.0 | 116.00 | NOTE | |||
r-oldrel-macos-x86_64 | 1.0.0 | 177.00 | NOTE | |||
r-oldrel-windows-x86_64 | 1.0.0 | 55.00 | 131.00 | 186.00 | NOTE |
Version: 1.0.0
Check: C++ specification
Result: NOTE
Specified C++11: please drop specification unless essential
Flavors: r-devel-linux-x86_64-debian-clang, r-devel-linux-x86_64-debian-gcc, r-devel-linux-x86_64-fedora-clang, r-devel-linux-x86_64-fedora-gcc, r-devel-macos-arm64, r-devel-macos-x86_64, r-devel-windows-x86_64, r-patched-linux-x86_64, r-release-linux-x86_64, r-release-macos-arm64, r-release-macos-x86_64, r-release-windows-x86_64, r-oldrel-macos-arm64, r-oldrel-macos-x86_64, r-oldrel-windows-x86_64
Version: 1.0.0
Check: for GNU extensions in Makefiles
Result: NOTE
GNU make is a SystemRequirements.
Flavors: r-patched-linux-x86_64, r-release-linux-x86_64, r-release-macos-arm64, r-release-macos-x86_64, r-release-windows-x86_64, r-oldrel-macos-arm64, r-oldrel-macos-x86_64, r-oldrel-windows-x86_64