Last updated on 2025-02-21 02:52:20 CET.
Flavor | Version | Tinstall | Tcheck | Ttotal | Status | Flags |
---|---|---|---|---|---|---|
r-devel-linux-x86_64-debian-clang | 0.6.0 | 2.45 | 15.72 | 18.17 | OK | |
r-devel-linux-x86_64-debian-gcc | 0.6.0 | 1.76 | 13.15 | 14.91 | OK | |
r-devel-linux-x86_64-fedora-clang | 0.6.0 | 28.66 | NOTE | |||
r-devel-linux-x86_64-fedora-gcc | 0.6.0 | 27.17 | NOTE | |||
r-devel-macos-arm64 | 0.6.0 | 14.00 | OK | |||
r-devel-macos-x86_64 | 0.6.0 | 31.00 | OK | |||
r-devel-windows-x86_64 | 0.6.0 | 4.00 | 36.00 | 40.00 | OK | |
r-patched-linux-x86_64 | 0.6.0 | 1.99 | 15.01 | 17.00 | OK | |
r-release-linux-x86_64 | 0.6.0 | 2.21 | 14.97 | 17.18 | OK | |
r-release-macos-arm64 | 0.6.0 | 21.00 | OK | |||
r-release-macos-x86_64 | 0.6.0 | 20.00 | OK | |||
r-release-windows-x86_64 | 0.6.0 | 4.00 | 34.00 | 38.00 | OK | |
r-oldrel-macos-arm64 | 0.6.0 | 17.00 | OK | |||
r-oldrel-macos-x86_64 | 0.6.0 | 20.00 | OK | |||
r-oldrel-windows-x86_64 | 0.6.0 | 5.00 | 36.00 | 41.00 | OK |
Version: 0.6.0
Check: compiled code
Result: NOTE
File ‘pbivnorm/libs/pbivnorm.so’:
Found no calls to: ‘R_registerRoutines’, ‘R_useDynamicSymbols’
It is good practice to register native routines and to disable symbol
search.
See ‘Writing portable packages’ in the ‘Writing R Extensions’ manual.
Flavors: r-devel-linux-x86_64-fedora-clang, r-devel-linux-x86_64-fedora-gcc