Last updated on 2025-02-21 02:52:20 CET.
Flavor | Version | Tinstall | Tcheck | Ttotal | Status | Flags |
---|---|---|---|---|---|---|
r-devel-linux-x86_64-debian-clang | 0.5.3 | 12.44 | 154.17 | 166.61 | OK | |
r-devel-linux-x86_64-debian-gcc | 0.5.3 | 8.58 | 104.94 | 113.52 | OK | |
r-devel-linux-x86_64-fedora-clang | 0.5.3 | 226.12 | ERROR | |||
r-devel-linux-x86_64-fedora-gcc | 0.5.3 | 230.70 | ERROR | |||
r-devel-macos-arm64 | 0.5.3 | 71.00 | OK | |||
r-devel-macos-x86_64 | 0.5.3 | 120.00 | OK | |||
r-devel-windows-x86_64 | 0.5.3 | 12.00 | 143.00 | 155.00 | OK | |
r-patched-linux-x86_64 | 0.5.3 | 11.67 | 140.63 | 152.30 | OK | |
r-release-linux-x86_64 | 0.5.3 | 11.67 | 142.12 | 153.79 | OK | |
r-release-macos-arm64 | 0.5.3 | 69.00 | OK | |||
r-release-macos-x86_64 | 0.5.3 | 126.00 | OK | |||
r-release-windows-x86_64 | 0.5.3 | 13.00 | 140.00 | 153.00 | OK | |
r-oldrel-macos-arm64 | 0.5.3 | 81.00 | OK | |||
r-oldrel-macos-x86_64 | 0.5.3 | 153.00 | OK | |||
r-oldrel-windows-x86_64 | 0.5.3 | 18.00 | 202.00 | 220.00 | OK |
Version: 0.5.3
Check: re-building of vignette outputs
Result: ERROR
Error(s) in re-building vignettes:
--- re-building ‘a01-pbkrtest.rmd’ using knitr
** Processing: figure/unnamed-chunk-3-1.png
504x504 pixels, 3x8 bits/pixel, RGB
Input IDAT size = 9715 bytes
Input file size = 9805 bytes
Trying:
zc = 9 zm = 8 zs = 0 f = 0 IDAT size = 7884
zc = 9 zm = 8 zs = 1 f = 0
zc = 1 zm = 8 zs = 2 f = 0
zc = 9 zm = 8 zs = 3 f = 0
zc = 9 zm = 8 zs = 0 f = 5
zc = 9 zm = 8 zs = 1 f = 5
zc = 1 zm = 8 zs = 2 f = 5
zc = 9 zm = 8 zs = 3 f = 5
Selecting parameters:
zc = 9 zm = 8 zs = 0 f = 0 IDAT size = 7884
Output IDAT size = 7884 bytes (1831 bytes decrease)
Output file size = 7962 bytes (1843 bytes = 18.80% decrease)
Quitting from lines 153-156 [unnamed-chunk-15] (a01-pbkrtest.rmd)
Error: processing vignette 'a01-pbkrtest.rmd' failed with diagnostics:
missing value where TRUE/FALSE needed
--- failed re-building ‘a01-pbkrtest.rmd’
--- re-building ‘a02-coercion.rmd’ using knitr
--- finished re-building ‘a02-coercion.rmd’
SUMMARY: processing the following file failed:
‘a01-pbkrtest.rmd’
Error: Vignette re-building failed.
Execution halted
Flavors: r-devel-linux-x86_64-fedora-clang, r-devel-linux-x86_64-fedora-gcc