Last updated on 2024-05-21 14:57:19 CEST.
Flavor | Version | Tinstall | Tcheck | Ttotal | Status | Flags |
---|---|---|---|---|---|---|
r-devel-linux-x86_64-debian-clang | 1.1 | 1.72 | 21.84 | 23.56 | NOTE | |
r-devel-linux-x86_64-debian-gcc | 1.1 | 1.75 | 16.78 | 18.53 | NOTE | |
r-devel-linux-x86_64-fedora-clang | 1.1 | 29.38 | NOTE | |||
r-devel-linux-x86_64-fedora-gcc | 1.1 | 28.86 | NOTE | |||
r-devel-windows-x86_64 | 1.1 | 2.00 | 38.00 | 40.00 | NOTE | |
r-patched-linux-x86_64 | 1.1 | 2.27 | 21.08 | 23.35 | NOTE | |
r-release-linux-x86_64 | 1.1 | 2.11 | 21.11 | 23.22 | NOTE | |
r-release-macos-arm64 | 1.1 | 14.00 | NOTE | |||
r-release-windows-x86_64 | 1.1 | 2.00 | 37.00 | 39.00 | NOTE | |
r-oldrel-macos-arm64 | 1.1 | 15.00 | NOTE | |||
r-oldrel-macos-x86_64 | 1.1 | 19.00 | NOTE | |||
r-oldrel-windows-x86_64 | 1.1 | 2.00 | 38.00 | 40.00 | NOTE |
Version: 1.1
Check: DESCRIPTION meta-information
Result: NOTE
Malformed Description field: should contain one or more complete sentences.
Flavors: r-devel-linux-x86_64-debian-clang, r-devel-linux-x86_64-debian-gcc, r-devel-linux-x86_64-fedora-clang, r-devel-linux-x86_64-fedora-gcc, r-devel-windows-x86_64, r-patched-linux-x86_64, r-release-linux-x86_64, r-release-macos-arm64, r-release-windows-x86_64, r-oldrel-macos-arm64, r-oldrel-macos-x86_64, r-oldrel-windows-x86_64