Last updated on 2025-02-21 02:52:20 CET.
Flavor | Version | Tinstall | Tcheck | Ttotal | Status | Flags |
---|---|---|---|---|---|---|
r-devel-linux-x86_64-debian-clang | 1.1 | 1.67 | 17.21 | 18.88 | NOTE | |
r-devel-linux-x86_64-debian-gcc | 1.1 | 1.37 | 14.25 | 15.62 | NOTE | |
r-devel-linux-x86_64-fedora-clang | 1.1 | 29.42 | NOTE | |||
r-devel-linux-x86_64-fedora-gcc | 1.1 | 30.07 | NOTE | |||
r-devel-macos-arm64 | 1.1 | 15.00 | NOTE | |||
r-devel-macos-x86_64 | 1.1 | 22.00 | NOTE | |||
r-devel-windows-x86_64 | 1.1 | 3.00 | 40.00 | 43.00 | NOTE | |
r-patched-linux-x86_64 | 1.1 | 1.62 | 16.17 | 17.79 | NOTE | |
r-release-linux-x86_64 | 1.1 | 1.56 | 16.45 | 18.01 | NOTE | |
r-release-macos-arm64 | 1.1 | 19.00 | NOTE | |||
r-release-macos-x86_64 | 1.1 | 19.00 | NOTE | |||
r-release-windows-x86_64 | 1.1 | 2.00 | 37.00 | 39.00 | NOTE | |
r-oldrel-macos-arm64 | 1.1 | 15.00 | NOTE | |||
r-oldrel-macos-x86_64 | 1.1 | 19.00 | NOTE | |||
r-oldrel-windows-x86_64 | 1.1 | 2.00 | 38.00 | 40.00 | NOTE |
Version: 1.1
Check: DESCRIPTION meta-information
Result: NOTE
Malformed Description field: should contain one or more complete sentences.
Flavors: r-devel-linux-x86_64-debian-clang, r-devel-linux-x86_64-debian-gcc, r-devel-linux-x86_64-fedora-clang, r-devel-linux-x86_64-fedora-gcc, r-devel-macos-arm64, r-devel-macos-x86_64, r-devel-windows-x86_64, r-patched-linux-x86_64, r-release-linux-x86_64, r-release-macos-arm64, r-release-macos-x86_64, r-release-windows-x86_64, r-oldrel-macos-arm64, r-oldrel-macos-x86_64, r-oldrel-windows-x86_64