Last updated on 2025-02-21 02:52:20 CET.
Flavor | Version | Tinstall | Tcheck | Ttotal | Status | Flags |
---|---|---|---|---|---|---|
r-devel-linux-x86_64-debian-clang | 1.0.0.1 | 3.23 | 35.74 | 38.97 | OK | |
r-devel-linux-x86_64-debian-gcc | 1.0.0.1 | 2.03 | 26.84 | 28.87 | OK | |
r-devel-linux-x86_64-fedora-clang | 1.0.0.1 | 61.25 | OK | |||
r-devel-linux-x86_64-fedora-gcc | 1.0.0.1 | 73.98 | OK | |||
r-devel-macos-arm64 | 1.0.0.1 | 31.00 | ERROR | |||
r-devel-macos-x86_64 | 1.0.0.1 | 47.00 | OK | |||
r-devel-windows-x86_64 | 1.0.0.1 | 4.00 | 66.00 | 70.00 | OK | |
r-patched-linux-x86_64 | 1.0.0.1 | 3.00 | 33.80 | 36.80 | OK | |
r-release-linux-x86_64 | 1.0.0.1 | 2.92 | 34.01 | 36.93 | OK | |
r-release-macos-arm64 | 1.0.0.1 | 37.00 | ERROR | |||
r-release-macos-x86_64 | 1.0.0.1 | 42.00 | OK | |||
r-release-windows-x86_64 | 1.0.0.1 | 5.00 | 63.00 | 68.00 | OK | |
r-oldrel-macos-arm64 | 1.0.0.1 | 38.00 | ERROR | |||
r-oldrel-macos-x86_64 | 1.0.0.1 | 33.00 | OK | |||
r-oldrel-windows-x86_64 | 1.0.0.1 | 5.00 | 85.00 | 90.00 | OK |
Version: 1.0.0.1
Check: re-building of vignette outputs
Result: ERROR
Error(s) in re-building vignettes:
--- re-building ‘tutorial.Rmd’ using rmarkdown
! kpathsea: Running mktexpk --mfmode / --bdpi 600 --mag 1+0/600 --dpi 600 bbm10
! mkdir: ././opt/tex/texmf-var/fonts/pk/ljfour/public: Permission denied
! mktexpk: /opt/tex/texmf-dist/web2c/mktexdir /opt/tex/texmf-var/fonts/pk/ljfour/public/bbm failed.
! kpathsea: Appending font creation commands to missfont.log.
Error: processing vignette 'tutorial.Rmd' failed with diagnostics:
LaTeX failed to compile /Volumes/Builds/packages/big-sur-arm64/results/4.5/pcSteiner.Rcheck/vign_test/pcSteiner/vignettes/tutorial.tex. See https://yihui.org/tinytex/r/#debugging for debugging tips. See tutorial.log for more info.
--- failed re-building ‘tutorial.Rmd’
SUMMARY: processing the following file failed:
‘tutorial.Rmd’
Error: Vignette re-building failed.
Execution halted
Flavor: r-devel-macos-arm64
Version: 1.0.0.1
Check: re-building of vignette outputs
Result: ERROR
Error(s) in re-building vignettes:
--- re-building ‘tutorial.Rmd’ using rmarkdown
! kpathsea: Running mktexpk --mfmode / --bdpi 600 --mag 1+0/600 --dpi 600 bbm10
! mkdir: ././opt/tex/texmf-var/fonts/pk/ljfour/public: Permission denied
! mktexpk: /opt/tex/texmf-dist/web2c/mktexdir /opt/tex/texmf-var/fonts/pk/ljfour/public/bbm failed.
! kpathsea: Appending font creation commands to missfont.log.
Error: processing vignette 'tutorial.Rmd' failed with diagnostics:
LaTeX failed to compile /Volumes/Builds/packages/big-sur-arm64/results/4.4/pcSteiner.Rcheck/vign_test/pcSteiner/vignettes/tutorial.tex. See https://yihui.org/tinytex/r/#debugging for debugging tips. See tutorial.log for more info.
--- failed re-building ‘tutorial.Rmd’
SUMMARY: processing the following file failed:
‘tutorial.Rmd’
Error: Vignette re-building failed.
Execution halted
Flavor: r-release-macos-arm64
Version: 1.0.0.1
Check: re-building of vignette outputs
Result: ERROR
Error(s) in re-building vignettes:
...
--- re-building ‘tutorial.Rmd’ using rmarkdown
! kpathsea: Running mktexpk --mfmode / --bdpi 600 --mag 1+0/600 --dpi 600 bbm10
! mkdir: ././opt/tex/texmf-var/fonts/pk/ljfour/public: Permission denied
! mktexpk: /opt/tex/texmf-dist/web2c/mktexdir /opt/tex/texmf-var/fonts/pk/ljfour/public/bbm failed.
! kpathsea: Appending font creation commands to missfont.log.
Error: processing vignette 'tutorial.Rmd' failed with diagnostics:
LaTeX failed to compile /Volumes/Builds/packages/big-sur-arm64/results/4.3/pcSteiner.Rcheck/vign_test/pcSteiner/vignettes/tutorial.tex. See https://yihui.org/tinytex/r/#debugging for debugging tips. See tutorial.log for more info.
--- failed re-building ‘tutorial.Rmd’
SUMMARY: processing the following file failed:
‘tutorial.Rmd’
Error: Vignette re-building failed.
Execution halted
Flavor: r-oldrel-macos-arm64