Last updated on 2025-05-14 14:50:01 CEST.
Flavor | Version | Tinstall | Tcheck | Ttotal | Status | Flags |
---|---|---|---|---|---|---|
r-devel-linux-x86_64-debian-clang | 1.1.0 | 46.51 | 26.75 | 73.26 | OK | |
r-devel-linux-x86_64-debian-gcc | 1.1.0 | 42.69 | 26.09 | 68.78 | OK | |
r-devel-linux-x86_64-fedora-clang | 1.1.0 | 117.77 | OK | |||
r-devel-linux-x86_64-fedora-gcc | 1.1.0 | 158.79 | OK | |||
r-devel-windows-x86_64 | 1.1.0 | 57.00 | 69.00 | 126.00 | OK | |
r-patched-linux-x86_64 | 1.1.0 | 52.83 | 30.89 | 83.72 | OK | |
r-release-linux-x86_64 | 1.1.0 | 54.67 | 30.87 | 85.54 | OK | |
r-release-macos-arm64 | 1.1.0 | 42.00 | OK | |||
r-release-macos-x86_64 | 1.1.0 | 73.00 | OK | |||
r-release-windows-x86_64 | 1.1.0 | 59.00 | 68.00 | 127.00 | OK | |
r-oldrel-macos-arm64 | 1.1.0 | 39.00 | NOTE | |||
r-oldrel-macos-x86_64 | 1.1.0 | 74.00 | NOTE | |||
r-oldrel-windows-x86_64 | 1.1.0 | 69.00 | 81.00 | 150.00 | NOTE |
Version: 1.1.0
Check: installed package size
Result: NOTE
installed size is 27.6Mb
sub-directories of 1Mb or more:
libs 27.5Mb
Flavors: r-oldrel-macos-arm64, r-oldrel-macos-x86_64
Version: 1.1.0
Check: for GNU extensions in Makefiles
Result: NOTE
GNU make is a SystemRequirements.
Flavors: r-oldrel-macos-arm64, r-oldrel-macos-x86_64, r-oldrel-windows-x86_64