Last updated on 2025-02-18 02:50:45 CET.
Flavor | Version | Tinstall | Tcheck | Ttotal | Status | Flags |
---|---|---|---|---|---|---|
r-devel-linux-x86_64-debian-clang | 0.4 | 1.80 | 24.31 | 26.11 | NOTE | |
r-devel-linux-x86_64-debian-gcc | 0.4 | 1.39 | 19.91 | 21.30 | NOTE | |
r-devel-linux-x86_64-fedora-clang | 0.4 | 41.26 | NOTE | |||
r-devel-linux-x86_64-fedora-gcc | 0.4 | 39.85 | NOTE | |||
r-devel-macos-arm64 | 0.4 | 18.00 | OK | |||
r-devel-macos-x86_64 | 0.4 | 29.00 | OK | |||
r-devel-windows-x86_64 | 0.4 | 3.00 | 45.00 | 48.00 | NOTE | |
r-patched-linux-x86_64 | 0.4 | 8.80 | 22.23 | 31.03 | NOTE | |
r-release-linux-x86_64 | 0.4 | 1.73 | 22.27 | 24.00 | NOTE | |
r-release-macos-arm64 | 0.4 | 16.00 | NOTE | |||
r-release-macos-x86_64 | 0.4 | 24.00 | NOTE | |||
r-release-windows-x86_64 | 0.4 | 3.00 | 48.00 | 51.00 | NOTE | |
r-oldrel-macos-arm64 | 0.4 | 21.00 | NOTE | |||
r-oldrel-macos-x86_64 | 0.4 | 23.00 | NOTE | |||
r-oldrel-windows-x86_64 | 0.4 | 3.00 | 46.00 | 49.00 | NOTE |
Version: 0.4
Check: Rd cross-references
Result: NOTE
Found the following Rd file(s) with Rd \link{} targets missing package
anchors:
pcdpca.Rd: spectral.density
Please provide package anchors for all Rd \link{} targets not in the
package itself and the base packages.
Flavors: r-devel-linux-x86_64-debian-clang, r-devel-linux-x86_64-debian-gcc, r-devel-windows-x86_64
Version: 0.4
Check: for unstated dependencies in ‘demo’
Result: NOTE
'library' or 'require' calls not declared from:
‘MASS’ ‘freqdom.fda’
Flavors: r-devel-linux-x86_64-debian-clang, r-devel-linux-x86_64-debian-gcc
Version: 0.4
Check: dependencies in R code
Result: NOTE
Namespace in Imports field not imported from: ‘fda’
All declared Imports should be used.
Flavors: r-devel-linux-x86_64-fedora-clang, r-devel-linux-x86_64-fedora-gcc
Version: 0.4
Check: LazyData
Result: NOTE
'LazyData' is specified without a 'data' directory
Flavors: r-patched-linux-x86_64, r-release-linux-x86_64, r-release-macos-arm64, r-release-macos-x86_64, r-release-windows-x86_64, r-oldrel-macos-arm64, r-oldrel-macos-x86_64, r-oldrel-windows-x86_64