Last updated on 2024-05-21 14:57:19 CEST.
Flavor | Version | Tinstall | Tcheck | Ttotal | Status | Flags |
---|---|---|---|---|---|---|
r-devel-linux-x86_64-debian-clang | 1.2.4 | 106.79 | 108.77 | 215.56 | NOTE | |
r-devel-linux-x86_64-debian-gcc | 1.2.4 | 78.84 | 75.18 | 154.02 | NOTE | |
r-devel-linux-x86_64-fedora-clang | 1.2.4 | 293.75 | NOTE | |||
r-devel-linux-x86_64-fedora-gcc | 1.2.4 | 315.55 | NOTE | |||
r-devel-windows-x86_64 | 1.2.4 | 85.00 | 116.00 | 201.00 | NOTE | |
r-patched-linux-x86_64 | 1.2.4 | 114.21 | 98.48 | 212.69 | NOTE | |
r-release-linux-x86_64 | 1.2.4 | 108.02 | 99.56 | 207.58 | NOTE | |
r-release-macos-arm64 | 1.2.4 | 78.00 | NOTE | |||
r-release-windows-x86_64 | 1.2.4 | 84.00 | 116.00 | 200.00 | NOTE | |
r-oldrel-macos-arm64 | 1.2.4 | 81.00 | NOTE | |||
r-oldrel-macos-x86_64 | 1.2.4 | 131.00 | NOTE | |||
r-oldrel-windows-x86_64 | 1.2.4 | 106.00 | 140.00 | 246.00 | NOTE |
Version: 1.2.4
Check: C++ specification
Result: NOTE
Specified C++11: please drop specification unless essential
Flavors: r-devel-linux-x86_64-debian-clang, r-devel-linux-x86_64-debian-gcc, r-devel-linux-x86_64-fedora-clang, r-devel-linux-x86_64-fedora-gcc, r-devel-windows-x86_64, r-patched-linux-x86_64, r-release-linux-x86_64, r-release-macos-arm64, r-release-windows-x86_64, r-oldrel-macos-arm64, r-oldrel-macos-x86_64, r-oldrel-windows-x86_64
Version: 1.2.4
Check: Rd files
Result: NOTE
checkRd: (-1) pdkMeans.Rd:63: Lost braces
63 | \cite{C18}{pdSpecEst} for more details. Note that this comes at the cost of increased computation time in comparison to one
| ^
Flavors: r-devel-linux-x86_64-debian-clang, r-devel-linux-x86_64-debian-gcc, r-devel-linux-x86_64-fedora-clang, r-devel-linux-x86_64-fedora-gcc, r-devel-windows-x86_64, r-patched-linux-x86_64, r-release-linux-x86_64, r-release-macos-arm64, r-release-windows-x86_64
Version: 1.2.4
Check: LazyData
Result: NOTE
'LazyData' is specified without a 'data' directory
Flavors: r-devel-linux-x86_64-debian-clang, r-devel-linux-x86_64-debian-gcc, r-devel-linux-x86_64-fedora-clang, r-devel-linux-x86_64-fedora-gcc, r-devel-windows-x86_64, r-patched-linux-x86_64, r-release-linux-x86_64, r-release-macos-arm64, r-release-windows-x86_64, r-oldrel-macos-arm64, r-oldrel-macos-x86_64, r-oldrel-windows-x86_64
Version: 1.2.4
Check: installed package size
Result: NOTE
installed size is 7.2Mb
sub-directories of 1Mb or more:
libs 6.2Mb
Flavors: r-release-macos-arm64, r-oldrel-macos-arm64, r-oldrel-macos-x86_64