Last updated on 2025-02-21 02:52:20 CET.
Flavor | Version | Tinstall | Tcheck | Ttotal | Status | Flags |
---|---|---|---|---|---|---|
r-devel-linux-x86_64-debian-clang | 0.4.0 | 1.91 | 63.58 | 65.49 | OK | |
r-devel-linux-x86_64-debian-gcc | 0.4.0 | 1.99 | 49.75 | 51.74 | OK | |
r-devel-linux-x86_64-fedora-clang | 0.4.0 | 103.67 | OK | |||
r-devel-linux-x86_64-fedora-gcc | 0.4.0 | 116.46 | OK | |||
r-devel-macos-arm64 | 0.4.0 | 41.00 | OK | |||
r-devel-macos-x86_64 | 0.4.0 | 93.00 | OK | |||
r-devel-windows-x86_64 | 0.4.0 | 4.00 | 75.00 | 79.00 | OK | |
r-patched-linux-x86_64 | 0.4.0 | 2.48 | 60.58 | 63.06 | NOTE | |
r-release-linux-x86_64 | 0.4.0 | 2.50 | 61.01 | 63.51 | NOTE | |
r-release-macos-arm64 | 0.4.0 | 37.00 | NOTE | |||
r-release-macos-x86_64 | 0.4.0 | 61.00 | NOTE | |||
r-release-windows-x86_64 | 0.4.0 | 4.00 | 118.00 | 122.00 | NOTE | |
r-oldrel-macos-arm64 | 0.4.0 | 44.00 | NOTE | |||
r-oldrel-macos-x86_64 | 0.4.0 | 64.00 | NOTE | |||
r-oldrel-windows-x86_64 | 0.4.0 | 5.00 | 143.00 | 148.00 | NOTE |
Version: 0.4.0
Check: LazyData
Result: NOTE
'LazyData' is specified without a 'data' directory
Flavors: r-patched-linux-x86_64, r-release-linux-x86_64, r-release-macos-arm64, r-release-macos-x86_64, r-release-windows-x86_64, r-oldrel-macos-arm64, r-oldrel-macos-x86_64, r-oldrel-windows-x86_64