Last updated on 2025-05-14 02:50:21 CEST.
Flavor | Version | Tinstall | Tcheck | Ttotal | Status | Flags |
---|---|---|---|---|---|---|
r-devel-linux-x86_64-debian-clang | 2.2.2 | 348.36 | 122.68 | 471.04 | OK | |
r-devel-linux-x86_64-debian-gcc | 2.2.2 | 278.77 | 85.52 | 364.29 | OK | |
r-devel-linux-x86_64-fedora-clang | 2.2.2 | 815.00 | OK | |||
r-devel-linux-x86_64-fedora-gcc | 2.2.2 | 1076.06 | OK | |||
r-devel-windows-x86_64 | 2.2.2 | 361.00 | 172.00 | 533.00 | OK | |
r-patched-linux-x86_64 | 2.2.2 | 384.65 | 117.65 | 502.30 | OK | |
r-release-linux-x86_64 | 2.2.2 | 385.57 | 116.97 | 502.54 | OK | |
r-release-macos-arm64 | 2.2.2 | 216.00 | OK | |||
r-release-macos-x86_64 | 2.2.2 | 265.00 | OK | |||
r-release-windows-x86_64 | 2.2.2 | 363.00 | 181.00 | 544.00 | OK | |
r-oldrel-macos-arm64 | 2.2.2 | 207.00 | NOTE | |||
r-oldrel-macos-x86_64 | 2.2.2 | 405.00 | NOTE | |||
r-oldrel-windows-x86_64 | 2.2.2 | 432.00 | 207.00 | 639.00 | OK |
Version: 2.2.2
Check: installed package size
Result: NOTE
installed size is 52.4Mb
sub-directories of 1Mb or more:
libs 51.2Mb
Flavors: r-oldrel-macos-arm64, r-oldrel-macos-x86_64