Last updated on 2025-02-21 02:52:20 CET.
Flavor | Version | Tinstall | Tcheck | Ttotal | Status | Flags |
---|---|---|---|---|---|---|
r-devel-linux-x86_64-debian-clang | 2.2.2 | 332.15 | 122.88 | 455.03 | OK | |
r-devel-linux-x86_64-debian-gcc | 2.2.2 | 276.96 | 85.97 | 362.93 | OK | |
r-devel-linux-x86_64-fedora-clang | 2.2.2 | 807.11 | OK | |||
r-devel-linux-x86_64-fedora-gcc | 2.2.2 | 957.86 | OK | |||
r-devel-macos-arm64 | 2.2.2 | 201.00 | OK | |||
r-devel-macos-x86_64 | 2.2.2 | 265.00 | OK | |||
r-devel-windows-x86_64 | 2.2.2 | 334.00 | 170.00 | 504.00 | OK | |
r-patched-linux-x86_64 | 2.2.2 | 383.90 | 112.18 | 496.08 | OK | |
r-release-linux-x86_64 | 2.2.2 | 388.35 | 110.59 | 498.94 | OK | |
r-release-macos-arm64 | 2.2.2 | 207.00 | NOTE | |||
r-release-macos-x86_64 | 2.2.2 | 405.00 | NOTE | |||
r-release-windows-x86_64 | 2.2.2 | 331.00 | 161.00 | 492.00 | OK | |
r-oldrel-macos-arm64 | 2.2.2 | 211.00 | NOTE | |||
r-oldrel-macos-x86_64 | 2.2.2 | 278.00 | NOTE | |||
r-oldrel-windows-x86_64 | 2.2.2 | 408.00 | 194.00 | 602.00 | OK |
Version: 2.2.2
Check: installed package size
Result: NOTE
installed size is 52.4Mb
sub-directories of 1Mb or more:
libs 51.2Mb
Flavors: r-release-macos-arm64, r-release-macos-x86_64, r-oldrel-macos-arm64, r-oldrel-macos-x86_64