Last updated on 2025-02-16 14:50:41 CET.
Flavor | Version | Tinstall | Tcheck | Ttotal | Status | Flags |
---|---|---|---|---|---|---|
r-devel-linux-x86_64-debian-clang | 0.0.1 | 54.95 | 103.97 | 158.92 | NOTE | |
r-devel-linux-x86_64-debian-gcc | 0.0.1 | 41.77 | 72.55 | 114.32 | NOTE | |
r-devel-linux-x86_64-fedora-clang | 0.0.1 | 275.08 | NOTE | |||
r-devel-linux-x86_64-fedora-gcc | 0.0.1 | 261.66 | NOTE | |||
r-devel-macos-arm64 | 0.0.1 | 72.00 | NOTE | |||
r-devel-macos-x86_64 | 0.0.1 | 176.00 | NOTE | |||
r-devel-windows-x86_64 | 0.0.1 | 52.00 | 128.00 | 180.00 | NOTE | |
r-patched-linux-x86_64 | 0.0.1 | 55.84 | 98.79 | 154.63 | NOTE | |
r-release-linux-x86_64 | 0.0.1 | 54.41 | 97.15 | 151.56 | NOTE | |
r-release-macos-arm64 | 0.0.1 | 68.00 | NOTE | |||
r-release-macos-x86_64 | 0.0.1 | 89.00 | NOTE | |||
r-release-windows-x86_64 | 0.0.1 | 53.00 | 124.00 | 177.00 | NOTE | |
r-oldrel-macos-arm64 | 0.0.1 | 87.00 | NOTE | |||
r-oldrel-macos-x86_64 | 0.0.1 | 128.00 | NOTE | |||
r-oldrel-windows-x86_64 | 0.0.1 | 70.00 | 174.00 | 244.00 | NOTE |
Version: 0.0.1
Check: C++ specification
Result: NOTE
Specified C++11: please drop specification unless essential
Flavors: r-devel-linux-x86_64-debian-clang, r-devel-linux-x86_64-debian-gcc, r-devel-linux-x86_64-fedora-clang, r-devel-linux-x86_64-fedora-gcc, r-devel-macos-arm64, r-devel-macos-x86_64, r-devel-windows-x86_64, r-patched-linux-x86_64, r-release-linux-x86_64, r-release-macos-arm64, r-release-macos-x86_64, r-release-windows-x86_64, r-oldrel-macos-arm64, r-oldrel-macos-x86_64, r-oldrel-windows-x86_64
Version: 0.0.1
Check: LazyData
Result: NOTE
'LazyData' is specified without a 'data' directory
Flavors: r-patched-linux-x86_64, r-release-linux-x86_64, r-release-macos-arm64, r-release-macos-x86_64, r-release-windows-x86_64, r-oldrel-macos-arm64, r-oldrel-macos-x86_64, r-oldrel-windows-x86_64
Version: 0.0.1
Check: installed package size
Result: NOTE
installed size is 11.2Mb
sub-directories of 1Mb or more:
libs 10.9Mb
Flavors: r-release-macos-arm64, r-release-macos-x86_64, r-oldrel-macos-arm64, r-oldrel-macos-x86_64