Last updated on 2025-02-21 02:52:20 CET.
Flavor | Version | Tinstall | Tcheck | Ttotal | Status | Flags |
---|---|---|---|---|---|---|
r-devel-linux-x86_64-debian-clang | 0.8.2 | 3.08 | 44.37 | 47.45 | NOTE | |
r-devel-linux-x86_64-debian-gcc | 0.8.2 | 2.26 | 33.87 | 36.13 | NOTE | |
r-devel-linux-x86_64-fedora-clang | 0.8.2 | 75.74 | NOTE | |||
r-devel-linux-x86_64-fedora-gcc | 0.8.2 | 85.99 | NOTE | |||
r-devel-macos-arm64 | 0.8.2 | 35.00 | NOTE | |||
r-devel-macos-x86_64 | 0.8.2 | 79.00 | NOTE | |||
r-devel-windows-x86_64 | 0.8.2 | 5.00 | 66.00 | 71.00 | NOTE | |
r-patched-linux-x86_64 | 0.8.2 | 3.33 | 41.37 | 44.70 | NOTE | |
r-release-linux-x86_64 | 0.8.2 | 2.51 | 41.57 | 44.08 | NOTE | |
r-release-macos-arm64 | 0.8.2 | 38.00 | NOTE | |||
r-release-macos-x86_64 | 0.8.2 | 75.00 | NOTE | |||
r-release-windows-x86_64 | 0.8.2 | 6.00 | 61.00 | 67.00 | NOTE | |
r-oldrel-macos-arm64 | 0.8.2 | 35.00 | NOTE | |||
r-oldrel-macos-x86_64 | 0.8.2 | 44.00 | NOTE | |||
r-oldrel-windows-x86_64 | 0.8.2 | 6.00 | 65.00 | 71.00 | NOTE |
Version: 0.8.2
Check: package subdirectories
Result: NOTE
Problems with news in ‘NEWS.md’:
Cannot extract version info from the following section titles:
Fixed issues
Flavors: r-devel-linux-x86_64-debian-clang, r-devel-linux-x86_64-debian-gcc, r-devel-linux-x86_64-fedora-clang, r-devel-linux-x86_64-fedora-gcc, r-devel-macos-arm64, r-devel-macos-x86_64, r-devel-windows-x86_64, r-patched-linux-x86_64, r-release-linux-x86_64, r-release-macos-arm64, r-release-macos-x86_64, r-release-windows-x86_64, r-oldrel-macos-arm64, r-oldrel-macos-x86_64, r-oldrel-windows-x86_64
Version: 0.8.2
Check: LazyData
Result: NOTE
'LazyData' is specified without a 'data' directory
Flavors: r-patched-linux-x86_64, r-release-linux-x86_64, r-release-macos-arm64, r-release-macos-x86_64, r-release-windows-x86_64, r-oldrel-macos-arm64, r-oldrel-macos-x86_64, r-oldrel-windows-x86_64