Last updated on 2024-05-21 14:57:19 CEST.
Flavor | Version | Tinstall | Tcheck | Ttotal | Status | Flags |
---|---|---|---|---|---|---|
r-devel-linux-x86_64-debian-clang | 0.3.5 | 57.12 | 32.60 | 89.72 | NOTE | |
r-devel-linux-x86_64-debian-gcc | 0.3.5 | 44.18 | 24.91 | 69.09 | NOTE | |
r-devel-linux-x86_64-fedora-clang | 0.3.5 | 140.70 | NOTE | |||
r-devel-linux-x86_64-fedora-gcc | 0.3.5 | 141.37 | NOTE | |||
r-devel-windows-x86_64 | 0.3.5 | 70.00 | 5.00 | 75.00 | ERROR | |
r-patched-linux-x86_64 | 0.3.5 | 59.91 | 32.39 | 92.30 | NOTE | |
r-release-linux-x86_64 | 0.3.5 | 64.94 | 32.30 | 97.24 | NOTE | |
r-release-macos-arm64 | 0.3.5 | 41.00 | NOTE | |||
r-release-windows-x86_64 | 0.3.5 | 77.00 | 71.00 | 148.00 | NOTE | |
r-oldrel-macos-arm64 | 0.3.5 | 54.00 | OK | |||
r-oldrel-macos-x86_64 | 0.3.5 | 59.00 | OK | |||
r-oldrel-windows-x86_64 | 0.3.5 | 74.00 | 80.00 | 154.00 | OK |
Version: 0.3.5
Check: Rd files
Result: NOTE
checkRd: (-1) ReadHardcalls.Rd:5: Lost braces; missing escapes or markup?
5 | \title{Loads the variant_numth variant, and then fills buf with {0, 1, 2, NA}
| ^
checkRd: (-1) ReadIntList.Rd:17: Lost braces; missing escapes or markup?
17 | correspond to variant_subset, and values are in {0, 1, 2, NA} indicating
| ^
Flavors: r-devel-linux-x86_64-debian-clang, r-devel-linux-x86_64-debian-gcc, r-devel-linux-x86_64-fedora-clang, r-devel-linux-x86_64-fedora-gcc, r-patched-linux-x86_64, r-release-linux-x86_64, r-release-macos-arm64, r-release-windows-x86_64
Version: 0.3.5
Check: whether package can be installed
Result: ERROR
Installation failed.
Flavor: r-devel-windows-x86_64