Last updated on 2025-02-21 02:52:20 CET.
Flavor | Version | Tinstall | Tcheck | Ttotal | Status | Flags |
---|---|---|---|---|---|---|
r-devel-linux-x86_64-debian-clang | 2.12.1 | 55.95 | 367.08 | 423.03 | OK | |
r-devel-linux-x86_64-debian-gcc | 2.12.1 | 37.87 | 246.11 | 283.98 | OK | |
r-devel-linux-x86_64-fedora-clang | 2.12.1 | 684.13 | OK | |||
r-devel-linux-x86_64-fedora-gcc | 2.12.1 | 704.74 | OK | |||
r-devel-macos-arm64 | 2.12.1 | 182.00 | OK | |||
r-devel-macos-x86_64 | 2.12.1 | 538.00 | OK | |||
r-devel-windows-x86_64 | 2.12.1 | 58.00 | 365.00 | 423.00 | OK | |
r-patched-linux-x86_64 | 2.12.1 | 53.25 | 353.45 | 406.70 | OK | |
r-release-linux-x86_64 | 2.12.1 | 51.33 | 353.11 | 404.44 | OK | |
r-release-macos-arm64 | 2.12.1 | 182.00 | NOTE | |||
r-release-macos-x86_64 | 2.12.1 | 368.00 | NOTE | |||
r-release-windows-x86_64 | 2.12.1 | 60.00 | 373.00 | 433.00 | NOTE | |
r-oldrel-macos-arm64 | 2.12.1 | 254.00 | NOTE | |||
r-oldrel-macos-x86_64 | 2.12.1 | 346.00 | NOTE | |||
r-oldrel-windows-x86_64 | 2.12.1 | 70.00 | 445.00 | 515.00 | NOTE |
Version: 2.12.1
Check: installed package size
Result: NOTE
installed size is 8.2Mb
sub-directories of 1Mb or more:
doc 1.4Mb
libs 4.2Mb
Flavors: r-release-macos-arm64, r-release-macos-x86_64, r-release-windows-x86_64, r-oldrel-macos-arm64, r-oldrel-macos-x86_64, r-oldrel-windows-x86_64