Last updated on 2024-05-21 14:57:19 CEST.
Flavor | Version | Tinstall | Tcheck | Ttotal | Status | Flags |
---|---|---|---|---|---|---|
r-devel-linux-x86_64-debian-clang | 1.0-7 | 3.74 | 36.63 | 40.37 | OK | |
r-devel-linux-x86_64-debian-gcc | 1.0-7 | 3.15 | 26.64 | 29.79 | OK | |
r-devel-linux-x86_64-fedora-clang | 1.0-7 | 49.91 | NOTE | |||
r-devel-linux-x86_64-fedora-gcc | 1.0-7 | 47.30 | OK | |||
r-devel-windows-x86_64 | 1.0-7 | 4.00 | 48.00 | 52.00 | OK | |
r-patched-linux-x86_64 | 1.0-7 | 3.63 | 34.29 | 37.92 | OK | |
r-release-linux-x86_64 | 1.0-7 | 3.78 | 34.09 | 37.87 | OK | |
r-release-macos-arm64 | 1.0-7 | 18.00 | OK | |||
r-release-windows-x86_64 | 1.0-7 | 4.00 | 48.00 | 52.00 | OK | |
r-oldrel-macos-arm64 | 1.0-7 | 18.00 | OK | |||
r-oldrel-macos-x86_64 | 1.0-7 | 32.00 | OK | |||
r-oldrel-windows-x86_64 | 1.0-7 | 4.00 | 50.00 | 54.00 | OK |
Version: 1.0-7
Check: Rd cross-references
Result: NOTE
Undeclared package ‘vowels’ in Rd xrefs
Flavor: r-devel-linux-x86_64-fedora-clang