Last updated on 2025-02-21 02:52:20 CET.
Flavor | Version | Tinstall | Tcheck | Ttotal | Status | Flags |
---|---|---|---|---|---|---|
r-devel-linux-x86_64-debian-clang | 1.8.2 | 11.20 | 90.34 | 101.54 | NOTE | |
r-devel-linux-x86_64-debian-gcc | 1.8.2 | 7.18 | 63.74 | 70.92 | NOTE | |
r-devel-linux-x86_64-fedora-clang | 1.8.2 | 161.35 | NOTE | |||
r-devel-linux-x86_64-fedora-gcc | 1.8.2 | 170.28 | NOTE | |||
r-devel-macos-arm64 | 1.8.2 | 52.00 | NOTE | |||
r-devel-macos-x86_64 | 1.8.2 | 98.00 | NOTE | |||
r-devel-windows-x86_64 | 1.8.2 | 14.00 | 132.00 | 146.00 | NOTE | |
r-patched-linux-x86_64 | 1.8.2 | 10.36 | 84.48 | 94.84 | NOTE | |
r-release-linux-x86_64 | 1.8.2 | 11.54 | 83.93 | 95.47 | NOTE | |
r-release-macos-arm64 | 1.8.2 | 53.00 | NOTE | |||
r-release-macos-x86_64 | 1.8.2 | 125.00 | NOTE | |||
r-release-windows-x86_64 | 1.8.2 | 15.00 | 126.00 | 141.00 | NOTE | |
r-oldrel-macos-arm64 | 1.8.2 | 58.00 | NOTE | |||
r-oldrel-macos-x86_64 | 1.8.2 | 89.00 | NOTE | |||
r-oldrel-windows-x86_64 | 1.8.2 | 17.00 | 141.00 | 158.00 | NOTE |
Version: 1.8.2
Check: Rd files
Result: NOTE
checkRd: (-1) IvesGodfray.Rd:12: Lost braces in \itemize; meant \describe ?
checkRd: (-1) IvesGodfray.Rd:13: Lost braces in \itemize; meant \describe ?
checkRd: (-1) IvesGodfray.Rd:14: Lost braces in \itemize; meant \describe ?
checkRd: (-1) Kcalc.Rd:13: Escaped LaTeX specials: \$
checkRd: (-1) phylocom.Rd:12: Lost braces in \itemize; meant \describe ?
checkRd: (-1) phylocom.Rd:13: Lost braces in \itemize; meant \describe ?
checkRd: (-1) phylocom.Rd:14: Lost braces in \itemize; meant \describe ?
checkRd: (-1) phylosignal.Rd:13: Escaped LaTeX specials: \$
checkRd: (-1) sample2matrix.Rd:15: Lost braces in \itemize; meant \describe ?
checkRd: (-1) sample2matrix.Rd:16: Lost braces in \itemize; meant \describe ?
checkRd: (-1) sample2matrix.Rd:17: Lost braces in \itemize; meant \describe ?
checkRd: (-1) traitgram.Rd:14: Escaped LaTeX specials: \$
checkRd: (-1) utility.Rd:37: Escaped LaTeX specials: \$ \$
Flavors: r-devel-linux-x86_64-debian-clang, r-devel-linux-x86_64-debian-gcc, r-devel-linux-x86_64-fedora-clang, r-devel-linux-x86_64-fedora-gcc, r-devel-macos-arm64, r-devel-macos-x86_64, r-devel-windows-x86_64, r-patched-linux-x86_64, r-release-linux-x86_64, r-release-macos-arm64, r-release-macos-x86_64, r-release-windows-x86_64
Version: 1.8.2
Check: Rd files
Result: NOTE
checkRd: (-1) Kcalc.Rd:13: Escaped LaTeX specials: \$
checkRd: (-1) phylosignal.Rd:13: Escaped LaTeX specials: \$
checkRd: (-1) traitgram.Rd:14: Escaped LaTeX specials: \$
checkRd: (-1) utility.Rd:37: Escaped LaTeX specials: \$ \$
Flavors: r-oldrel-macos-arm64, r-oldrel-macos-x86_64, r-oldrel-windows-x86_64