Last updated on 2025-05-13 14:50:31 CEST.
Flavor | Version | Tinstall | Tcheck | Ttotal | Status | Flags |
---|---|---|---|---|---|---|
r-devel-linux-x86_64-debian-clang | 0.1.1 | 7.48 | 59.44 | 66.92 | OK | |
r-devel-linux-x86_64-debian-gcc | 0.1.1 | 5.62 | 42.75 | 48.37 | OK | |
r-devel-linux-x86_64-fedora-clang | 0.1.1 | 104.89 | OK | |||
r-devel-linux-x86_64-fedora-gcc | 0.1.1 | 95.78 | OK | |||
r-devel-windows-x86_64 | 0.1.1 | 9.00 | 69.00 | 78.00 | OK | |
r-patched-linux-x86_64 | 0.1.1 | 7.39 | 54.40 | 61.79 | OK | |
r-release-linux-x86_64 | 0.1.1 | 6.22 | 55.29 | 61.51 | OK | |
r-release-macos-arm64 | 0.1.1 | 31.00 | OK | |||
r-release-macos-x86_64 | 0.1.1 | 53.00 | OK | |||
r-release-windows-x86_64 | 0.1.1 | 9.00 | 70.00 | 79.00 | OK | |
r-oldrel-macos-arm64 | 0.1.1 | 30.00 | NOTE | |||
r-oldrel-macos-x86_64 | 0.1.1 | 42.00 | NOTE | |||
r-oldrel-windows-x86_64 | 0.1.1 | 12.00 | 84.00 | 96.00 | NOTE |
Version: 0.1.1
Check: LazyData
Result: NOTE
'LazyData' is specified without a 'data' directory
Flavors: r-oldrel-macos-arm64, r-oldrel-macos-x86_64, r-oldrel-windows-x86_64