Last updated on 2025-02-21 02:52:21 CET.
Flavor | Version | Tinstall | Tcheck | Ttotal | Status | Flags |
---|---|---|---|---|---|---|
r-devel-linux-x86_64-debian-clang | 0.1.1 | 3.15 | 29.89 | 33.04 | NOTE | |
r-devel-linux-x86_64-debian-gcc | 0.1.1 | 2.66 | 23.63 | 26.29 | NOTE | |
r-devel-linux-x86_64-fedora-clang | 0.1.1 | 52.62 | NOTE | |||
r-devel-linux-x86_64-fedora-gcc | 0.1.1 | 50.56 | NOTE | |||
r-devel-macos-arm64 | 0.1.1 | 20.00 | NOTE | |||
r-devel-macos-x86_64 | 0.1.1 | 37.00 | NOTE | |||
r-devel-windows-x86_64 | 0.1.1 | 5.00 | 56.00 | 61.00 | NOTE | |
r-patched-linux-x86_64 | 0.1.1 | 3.30 | 28.95 | 32.25 | NOTE | |
r-release-linux-x86_64 | 0.1.1 | 3.34 | 28.94 | 32.28 | NOTE | |
r-release-macos-arm64 | 0.1.1 | 20.00 | NOTE | |||
r-release-macos-x86_64 | 0.1.1 | 29.00 | NOTE | |||
r-release-windows-x86_64 | 0.1.1 | 5.00 | 50.00 | 55.00 | NOTE | |
r-oldrel-macos-arm64 | 0.1.1 | 22.00 | NOTE | |||
r-oldrel-macos-x86_64 | 0.1.1 | 29.00 | NOTE | |||
r-oldrel-windows-x86_64 | 0.1.1 | 6.00 | 54.00 | 60.00 | NOTE |
Version: 0.1.1
Check: Rd files
Result: NOTE
checkRd: (-1) get_pixels.Rd:27-29: Lost braces
27 | if (interactive()) {
| ^
Flavors: r-devel-linux-x86_64-debian-clang, r-devel-linux-x86_64-debian-gcc, r-devel-linux-x86_64-fedora-clang, r-devel-linux-x86_64-fedora-gcc, r-devel-macos-arm64, r-devel-macos-x86_64, r-devel-windows-x86_64, r-patched-linux-x86_64, r-release-linux-x86_64, r-release-macos-arm64, r-release-macos-x86_64, r-release-windows-x86_64
Version: 0.1.1
Check: LazyData
Result: NOTE
'LazyData' is specified without a 'data' directory
Flavors: r-patched-linux-x86_64, r-release-linux-x86_64, r-release-macos-arm64, r-release-macos-x86_64, r-release-windows-x86_64, r-oldrel-macos-arm64, r-oldrel-macos-x86_64, r-oldrel-windows-x86_64