Last updated on 2025-02-18 02:50:45 CET.
Flavor | Version | Tinstall | Tcheck | Ttotal | Status | Flags |
---|---|---|---|---|---|---|
r-devel-linux-x86_64-debian-clang | 0.2.3 | 10.99 | 145.70 | 156.69 | NOTE | |
r-devel-linux-x86_64-debian-gcc | 0.2.3 | 7.12 | 108.00 | 115.12 | NOTE | |
r-devel-linux-x86_64-fedora-clang | 0.2.3 | 248.39 | NOTE | |||
r-devel-linux-x86_64-fedora-gcc | 0.2.3 | 240.43 | NOTE | |||
r-devel-macos-arm64 | 0.2.3 | 71.00 | NOTE | |||
r-devel-macos-x86_64 | 0.2.3 | 158.00 | NOTE | |||
r-devel-windows-x86_64 | 0.2.3 | 12.00 | 133.00 | 145.00 | NOTE | |
r-patched-linux-x86_64 | 0.2.3 | 10.18 | 138.82 | 149.00 | NOTE | |
r-release-linux-x86_64 | 0.2.3 | 11.27 | 139.36 | 150.63 | NOTE | |
r-release-macos-arm64 | 0.2.3 | 67.00 | NOTE | |||
r-release-macos-x86_64 | 0.2.3 | 101.00 | NOTE | |||
r-release-windows-x86_64 | 0.2.3 | 14.00 | 139.00 | 153.00 | NOTE | |
r-oldrel-macos-arm64 | 0.2.3 | 71.00 | NOTE | |||
r-oldrel-macos-x86_64 | 0.2.3 | 115.00 | NOTE | |||
r-oldrel-windows-x86_64 | 0.2.3 | 16.00 | 153.00 | 169.00 | NOTE |
Version: 0.2.3
Check: package subdirectories
Result: NOTE
Problems with news in ‘NEWS.md’:
No news entries found.
Flavors: r-devel-linux-x86_64-debian-clang, r-devel-linux-x86_64-debian-gcc, r-devel-linux-x86_64-fedora-clang, r-devel-linux-x86_64-fedora-gcc, r-devel-macos-arm64, r-devel-macos-x86_64, r-devel-windows-x86_64, r-patched-linux-x86_64, r-release-linux-x86_64, r-release-macos-arm64, r-release-macos-x86_64, r-release-windows-x86_64, r-oldrel-macos-arm64, r-oldrel-macos-x86_64, r-oldrel-windows-x86_64