CRAN Package Check Results for Package pkgnews

Last updated on 2025-02-21 02:52:21 CET.

Flavor Version Tinstall Tcheck Ttotal Status Flags
r-devel-linux-x86_64-debian-clang 0.0.2 1.56 17.53 19.09 OK
r-devel-linux-x86_64-debian-gcc 0.0.2 1.33 14.17 15.50 OK
r-devel-linux-x86_64-fedora-clang 0.0.2 29.93 OK
r-devel-linux-x86_64-fedora-gcc 0.0.2 28.62 OK
r-devel-macos-arm64 0.0.2 16.00 OK
r-devel-macos-x86_64 0.0.2 24.00 OK
r-devel-windows-x86_64 0.0.2 2.00 43.00 45.00 OK
r-patched-linux-x86_64 0.0.2 1.52 16.65 18.17 NOTE
r-release-linux-x86_64 0.0.2 1.42 16.77 18.19 NOTE
r-release-macos-arm64 0.0.2 16.00 NOTE
r-release-macos-x86_64 0.0.2 20.00 NOTE
r-release-windows-x86_64 0.0.2 2.00 39.00 41.00 NOTE
r-oldrel-macos-arm64 0.0.2 15.00 NOTE
r-oldrel-macos-x86_64 0.0.2 21.00 NOTE
r-oldrel-windows-x86_64 0.0.2 3.00 46.00 49.00 NOTE

Check Details

Version: 0.0.2
Check: LazyData
Result: NOTE 'LazyData' is specified without a 'data' directory Flavors: r-patched-linux-x86_64, r-release-linux-x86_64, r-release-macos-arm64, r-release-macos-x86_64, r-release-windows-x86_64, r-oldrel-macos-arm64, r-oldrel-macos-x86_64, r-oldrel-windows-x86_64