Last updated on 2025-02-21 02:52:21 CET.
Flavor | Version | Tinstall | Tcheck | Ttotal | Status | Flags |
---|---|---|---|---|---|---|
r-devel-linux-x86_64-debian-clang | 1.2.3 | 6.50 | 60.52 | 67.02 | OK | |
r-devel-linux-x86_64-debian-gcc | 1.2.3 | 4.36 | 42.98 | 47.34 | OK | |
r-devel-linux-x86_64-fedora-clang | 1.2.3 | 105.76 | OK | |||
r-devel-linux-x86_64-fedora-gcc | 1.2.3 | 116.01 | OK | |||
r-devel-macos-arm64 | 1.2.3 | 41.00 | OK | |||
r-devel-macos-x86_64 | 1.2.3 | 79.00 | OK | |||
r-devel-windows-x86_64 | 1.2.3 | 8.00 | 78.00 | 86.00 | OK | |
r-patched-linux-x86_64 | 1.2.3 | 6.14 | 56.19 | 62.33 | OK | |
r-release-linux-x86_64 | 1.2.3 | 5.67 | 55.69 | 61.36 | OK | |
r-release-macos-arm64 | 1.2.3 | 38.00 | OK | |||
r-release-macos-x86_64 | 1.2.3 | 61.00 | OK | |||
r-release-windows-x86_64 | 1.2.3 | 8.00 | 77.00 | 85.00 | OK | |
r-oldrel-macos-arm64 | 1.2.3 | 40.00 | OK | |||
r-oldrel-macos-x86_64 | 1.2.3 | 59.00 | NOTE | |||
r-oldrel-windows-x86_64 | 1.2.3 | 10.00 | 109.00 | 119.00 | OK |
Version: 1.2.3
Check: package dependencies
Result: NOTE
Package suggested but not available for checking: ‘httk’
Flavor: r-oldrel-macos-x86_64