Last updated on 2025-02-21 02:52:21 CET.
Flavor | Version | Tinstall | Tcheck | Ttotal | Status | Flags |
---|---|---|---|---|---|---|
r-devel-linux-x86_64-debian-clang | 0.1.3 | 6.56 | 55.60 | 62.16 | NOTE | |
r-devel-linux-x86_64-debian-gcc | 0.1.3 | 4.55 | 40.79 | 45.34 | NOTE | |
r-devel-linux-x86_64-fedora-clang | 0.1.3 | 95.30 | NOTE | |||
r-devel-linux-x86_64-fedora-gcc | 0.1.3 | 96.83 | NOTE | |||
r-devel-macos-arm64 | 0.1.3 | 35.00 | OK | |||
r-devel-macos-x86_64 | 0.1.3 | 57.00 | NOTE | |||
r-devel-windows-x86_64 | 0.1.3 | 8.00 | 69.00 | 77.00 | NOTE | |
r-patched-linux-x86_64 | 0.1.3 | 6.38 | 50.56 | 56.94 | OK | |
r-release-linux-x86_64 | 0.1.3 | 5.54 | 51.49 | 57.03 | OK | |
r-release-macos-arm64 | 0.1.3 | 30.00 | OK | |||
r-release-macos-x86_64 | 0.1.3 | 46.00 | OK | |||
r-release-windows-x86_64 | 0.1.3 | 8.00 | 69.00 | 77.00 | OK | |
r-oldrel-macos-arm64 | 0.1.3 | 32.00 | OK | |||
r-oldrel-macos-x86_64 | 0.1.3 | 52.00 | OK | |||
r-oldrel-windows-x86_64 | 0.1.3 | 10.00 | 75.00 | 85.00 | OK |
Version: 0.1.3
Check: DESCRIPTION meta-information
Result: NOTE
Missing dependency on R >= 4.1.0 because package code uses the pipe
|> or function shorthand \(...) syntax added in R 4.1.0.
File(s) using such syntax:
‘plot_season_form.R’
Flavors: r-devel-linux-x86_64-debian-clang, r-devel-linux-x86_64-debian-gcc, r-devel-linux-x86_64-fedora-clang, r-devel-linux-x86_64-fedora-gcc, r-devel-macos-x86_64, r-devel-windows-x86_64