CRAN Package Check Results for Package plde

Last updated on 2025-02-18 02:50:45 CET.

Flavor Version Tinstall Tcheck Ttotal Status Flags
r-devel-linux-x86_64-debian-clang 0.1.2 1.75 18.20 19.95 OK
r-devel-linux-x86_64-debian-gcc 0.1.2 1.39 14.57 15.96 OK
r-devel-linux-x86_64-fedora-clang 0.1.2 32.53 OK
r-devel-linux-x86_64-fedora-gcc 0.1.2 31.42 OK
r-devel-macos-arm64 0.1.2 15.00 OK
r-devel-macos-x86_64 0.1.2 22.00 OK
r-devel-windows-x86_64 0.1.2 2.00 40.00 42.00 OK
r-patched-linux-x86_64 0.1.2 1.78 17.48 19.26 NOTE
r-release-linux-x86_64 0.1.2 1.68 17.30 18.98 NOTE
r-release-macos-arm64 0.1.2 16.00 NOTE
r-release-macos-x86_64 0.1.2 20.00 NOTE
r-release-windows-x86_64 0.1.2 2.00 37.00 39.00 NOTE
r-oldrel-macos-arm64 0.1.2 17.00 NOTE
r-oldrel-macos-x86_64 0.1.2 20.00 NOTE
r-oldrel-windows-x86_64 0.1.2 4.00 38.00 42.00 NOTE

Check Details

Version: 0.1.2
Check: LazyData
Result: NOTE 'LazyData' is specified without a 'data' directory Flavors: r-patched-linux-x86_64, r-release-linux-x86_64, r-release-macos-arm64, r-release-macos-x86_64, r-release-windows-x86_64, r-oldrel-macos-arm64, r-oldrel-macos-x86_64, r-oldrel-windows-x86_64