Last updated on 2024-05-21 14:57:19 CEST.
Flavor | Version | Tinstall | Tcheck | Ttotal | Status | Flags |
---|---|---|---|---|---|---|
r-devel-linux-x86_64-debian-clang | 0.2.0 | 1.97 | 32.10 | 34.07 | NOTE | |
r-devel-linux-x86_64-debian-gcc | 0.2.0 | 1.17 | 22.62 | 23.79 | NOTE | |
r-devel-linux-x86_64-fedora-clang | 0.2.0 | 43.98 | NOTE | |||
r-devel-linux-x86_64-fedora-gcc | 0.2.0 | 41.22 | NOTE | |||
r-devel-windows-x86_64 | 0.2.0 | 2.00 | 52.00 | 54.00 | NOTE | |
r-patched-linux-x86_64 | 0.2.0 | 1.55 | 31.19 | 32.74 | NOTE | |
r-release-linux-x86_64 | 0.2.0 | 1.51 | 31.09 | 32.60 | NOTE | |
r-release-macos-arm64 | 0.2.0 | 17.00 | NOTE | |||
r-release-windows-x86_64 | 0.2.0 | 2.00 | 52.00 | 54.00 | NOTE | |
r-oldrel-macos-arm64 | 0.2.0 | 21.00 | NOTE | |||
r-oldrel-macos-x86_64 | 0.2.0 | 25.00 | NOTE | |||
r-oldrel-windows-x86_64 | 0.2.0 | 3.00 | 50.00 | 53.00 | NOTE |
Version: 0.2.0
Check: LazyData
Result: NOTE
'LazyData' is specified without a 'data' directory
Flavors: r-devel-linux-x86_64-debian-clang, r-devel-linux-x86_64-debian-gcc, r-devel-linux-x86_64-fedora-clang, r-devel-linux-x86_64-fedora-gcc, r-devel-windows-x86_64, r-patched-linux-x86_64, r-release-linux-x86_64, r-release-macos-arm64, r-release-windows-x86_64, r-oldrel-macos-arm64, r-oldrel-macos-x86_64, r-oldrel-windows-x86_64