Last updated on 2025-02-18 02:50:45 CET.
Flavor | Version | Tinstall | Tcheck | Ttotal | Status | Flags |
---|---|---|---|---|---|---|
r-devel-linux-x86_64-debian-clang | 1.1.1 | 6.80 | 142.69 | 149.49 | NOTE | |
r-devel-linux-x86_64-debian-gcc | 1.1.1 | 5.34 | 96.12 | 101.46 | NOTE | |
r-devel-linux-x86_64-fedora-clang | 1.1.1 | 254.31 | NOTE | |||
r-devel-linux-x86_64-fedora-gcc | 1.1.1 | 241.83 | NOTE | |||
r-devel-macos-arm64 | 1.1.1 | 83.00 | NOTE | |||
r-devel-macos-x86_64 | 1.1.1 | 142.00 | NOTE | |||
r-devel-windows-x86_64 | 1.1.1 | 9.00 | 153.00 | 162.00 | NOTE | |
r-patched-linux-x86_64 | 1.1.1 | 5.79 | 133.38 | 139.17 | NOTE | |
r-release-linux-x86_64 | 1.1.1 | 6.45 | 132.17 | 138.62 | NOTE | |
r-release-macos-arm64 | 1.1.1 | 74.00 | NOTE | |||
r-release-macos-x86_64 | 1.1.1 | 132.00 | NOTE | |||
r-release-windows-x86_64 | 1.1.1 | 8.00 | 147.00 | 155.00 | NOTE | |
r-oldrel-macos-arm64 | 1.1.1 | 81.00 | NOTE | |||
r-oldrel-macos-x86_64 | 1.1.1 | 128.00 | NOTE | |||
r-oldrel-windows-x86_64 | 1.1.1 | 11.00 | 174.00 | 185.00 | NOTE |
Version: 1.1.1
Check: Rd files
Result: NOTE
checkRd: (-1) plotluck.Rd:129: Lost braces
129 | in factors are are shown as a special factor level code{"?"}. They can be
| ^
Flavors: r-devel-linux-x86_64-debian-clang, r-devel-linux-x86_64-debian-gcc, r-devel-linux-x86_64-fedora-clang, r-devel-linux-x86_64-fedora-gcc, r-devel-macos-arm64, r-devel-macos-x86_64, r-devel-windows-x86_64, r-patched-linux-x86_64, r-release-linux-x86_64, r-release-macos-arm64, r-release-macos-x86_64, r-release-windows-x86_64
Version: 1.1.1
Check: dependencies in R code
Result: NOTE
Namespaces in Imports field not imported from:
‘hexbin’ ‘quantreg’
All declared Imports should be used.
Flavors: r-devel-linux-x86_64-fedora-clang, r-devel-linux-x86_64-fedora-gcc
Version: 1.1.1
Check: LazyData
Result: NOTE
'LazyData' is specified without a 'data' directory
Flavors: r-patched-linux-x86_64, r-release-linux-x86_64, r-release-macos-arm64, r-release-macos-x86_64, r-release-windows-x86_64, r-oldrel-macos-arm64, r-oldrel-macos-x86_64, r-oldrel-windows-x86_64