CRAN Package Check Results for Package plotlyGeoAssets

Last updated on 2025-02-21 02:52:21 CET.

Flavor Version Tinstall Tcheck Ttotal Status Flags
r-devel-linux-x86_64-debian-clang 0.0.2 1.65 16.50 18.15 OK
r-devel-linux-x86_64-debian-gcc 0.0.2 1.39 13.84 15.23 OK
r-devel-linux-x86_64-fedora-clang 0.0.2 28.94 OK
r-devel-linux-x86_64-fedora-gcc 0.0.2 27.38 OK
r-devel-macos-arm64 0.0.2 13.00 OK
r-devel-macos-x86_64 0.0.2 23.00 OK
r-devel-windows-x86_64 0.0.2 5.00 41.00 46.00 OK
r-patched-linux-x86_64 0.0.2 1.64 15.79 17.43 NOTE
r-release-linux-x86_64 0.0.2 1.60 15.71 17.31 NOTE
r-release-macos-arm64 0.0.2 19.00 NOTE
r-release-macos-x86_64 0.0.2 19.00 NOTE
r-release-windows-x86_64 0.0.2 5.00 39.00 44.00 NOTE
r-oldrel-macos-arm64 0.0.2 16.00 NOTE
r-oldrel-macos-x86_64 0.0.2 21.00 NOTE
r-oldrel-windows-x86_64 0.0.2 6.00 42.00 48.00 NOTE

Check Details

Version: 0.0.2
Check: LazyData
Result: NOTE 'LazyData' is specified without a 'data' directory Flavors: r-patched-linux-x86_64, r-release-linux-x86_64, r-release-macos-arm64, r-release-macos-x86_64, r-release-windows-x86_64, r-oldrel-macos-arm64, r-oldrel-macos-x86_64, r-oldrel-windows-x86_64