Last updated on 2024-05-21 02:54:34 CEST.
Flavor | Version | Tinstall | Tcheck | Ttotal | Status | Flags |
---|---|---|---|---|---|---|
r-devel-linux-x86_64-debian-clang | 1.0 | 5.15 | 45.48 | 50.63 | NOTE | |
r-devel-linux-x86_64-debian-gcc | 1.0 | 4.11 | 34.00 | 38.11 | NOTE | |
r-devel-linux-x86_64-fedora-clang | 1.0 | 65.07 | NOTE | |||
r-devel-linux-x86_64-fedora-gcc | 1.0 | 58.91 | NOTE | |||
r-devel-windows-x86_64 | 1.0 | 5.00 | 60.00 | 65.00 | NOTE | |
r-patched-linux-x86_64 | 1.0 | 5.51 | 42.88 | 48.39 | NOTE | |
r-release-linux-x86_64 | 1.0 | 4.74 | 42.86 | 47.60 | NOTE | |
r-release-macos-arm64 | 1.0 | 23.00 | NOTE | |||
r-release-windows-x86_64 | 1.0 | 5.00 | 60.00 | 65.00 | NOTE | |
r-oldrel-macos-arm64 | 1.0 | 23.00 | OK | |||
r-oldrel-macos-x86_64 | 1.0 | 32.00 | OK | |||
r-oldrel-windows-x86_64 | 1.0 | 6.00 | 60.00 | 66.00 | OK |
Version: 1.0
Check: Rd files
Result: NOTE
checkRd: (-1) domain_data.Rd:29: Lost braces
29 | code{\link{help}}
| ^
checkRd: (-1) length_data.Rd:32: Lost braces
32 | code{\link{help}}
| ^
checkRd: (-1) plotdomain.Rd:30: Lost braces
30 | code{\link{help}}
| ^
checkRd: (-1) plotmutagensis.Rd:30: Lost braces
30 | code{\link{help}}
| ^
checkRd: (-1) plotprotein-package.Rd:20: Lost braces
20 | code{\link{help}}
| ^
checkRd: (-1) plotprotein.Rd:30: Lost braces
30 | code{\link{help}}
| ^
checkRd: (-1) plotsite.Rd:30: Lost braces
30 | code{\link{help}}
| ^
checkRd: (-1) site_data.Rd:30: Lost braces
30 | code{\link{help}}
| ^
Flavors: r-devel-linux-x86_64-debian-clang, r-devel-linux-x86_64-debian-gcc, r-devel-linux-x86_64-fedora-clang, r-devel-linux-x86_64-fedora-gcc, r-devel-windows-x86_64, r-patched-linux-x86_64, r-release-linux-x86_64, r-release-macos-arm64, r-release-windows-x86_64