Last updated on 2025-02-20 14:51:03 CET.
Flavor | Version | Tinstall | Tcheck | Ttotal | Status | Flags |
---|---|---|---|---|---|---|
r-devel-linux-x86_64-debian-clang | 0.9.12 | 7.47 | 59.40 | 66.87 | OK | |
r-devel-linux-x86_64-debian-gcc | 0.9.12 | 5.08 | 41.62 | 46.70 | OK | |
r-devel-linux-x86_64-fedora-clang | 0.9.12 | 108.78 | OK | |||
r-devel-linux-x86_64-fedora-gcc | 0.9.12 | 103.31 | OK | |||
r-devel-macos-arm64 | 0.9.12 | 33.00 | OK | |||
r-devel-macos-x86_64 | 0.9.12 | 68.00 | OK | |||
r-devel-windows-x86_64 | 0.9.12 | 10.00 | 77.00 | 87.00 | OK | |
r-patched-linux-x86_64 | 0.9.12 | 8.85 | 55.45 | 64.30 | OK | |
r-release-linux-x86_64 | 0.9.12 | 6.90 | 55.88 | 62.78 | OK | |
r-release-macos-arm64 | 0.9.12 | 32.00 | NOTE | |||
r-release-macos-x86_64 | 0.9.12 | 48.00 | NOTE | |||
r-release-windows-x86_64 | 0.9.12 | 10.00 | 74.00 | 84.00 | OK | |
r-oldrel-macos-arm64 | 0.9.12 | 36.00 | NOTE | |||
r-oldrel-macos-x86_64 | 0.9.12 | 81.00 | NOTE | |||
r-oldrel-windows-x86_64 | 0.9.12 | 11.00 | 83.00 | 94.00 | OK |
Version: 0.9.12
Check: package dependencies
Result: NOTE
Package suggested but not available for checking: ‘Rmpi’
Flavors: r-release-macos-arm64, r-release-macos-x86_64, r-oldrel-macos-arm64, r-oldrel-macos-x86_64