Last updated on 2025-02-18 02:50:45 CET.
Flavor | Version | Tinstall | Tcheck | Ttotal | Status | Flags |
---|---|---|---|---|---|---|
r-devel-linux-x86_64-debian-clang | 1.2.5.1 | 4.01 | 30.55 | 34.56 | NOTE | |
r-devel-linux-x86_64-debian-gcc | 1.2.5.1 | 2.90 | 22.93 | 25.83 | NOTE | |
r-devel-linux-x86_64-fedora-clang | 1.2.5.1 | 55.11 | NOTE | |||
r-devel-linux-x86_64-fedora-gcc | 1.2.5.1 | 51.63 | NOTE | |||
r-devel-macos-arm64 | 1.2.5.1 | 19.00 | NOTE | |||
r-devel-macos-x86_64 | 1.2.5.1 | 35.00 | NOTE | |||
r-devel-windows-x86_64 | 1.2.5.1 | 5.00 | 54.00 | 59.00 | NOTE | |
r-patched-linux-x86_64 | 1.2.5.1 | 4.22 | 28.87 | 33.09 | NOTE | |
r-release-linux-x86_64 | 1.2.5.1 | 3.42 | 29.38 | 32.80 | NOTE | |
r-release-macos-arm64 | 1.2.5.1 | 24.00 | NOTE | |||
r-release-macos-x86_64 | 1.2.5.1 | 28.00 | NOTE | |||
r-release-windows-x86_64 | 1.2.5.1 | 4.00 | 51.00 | 55.00 | NOTE | |
r-oldrel-macos-arm64 | 1.2.5.1 | 20.00 | OK | |||
r-oldrel-macos-x86_64 | 1.2.5.1 | 30.00 | OK | |||
r-oldrel-windows-x86_64 | 1.2.5.1 | 5.00 | 56.00 | 61.00 | OK |
Version: 1.2.5.1
Check: Rd files
Result: NOTE
checkRd: (-1) ahp.Rd:16: Lost braces; missing escapes or markup?
16 | an ``A'' matrix. It should be a square matrix with diagonal values equal 1 and $a_{ij} = 1/a_{ij}$.
| ^
checkRd: (-1) ahp.Rd:16: Lost braces; missing escapes or markup?
16 | an ``A'' matrix. It should be a square matrix with diagonal values equal 1 and $a_{ij} = 1/a_{ij}$.
| ^
Flavors: r-devel-linux-x86_64-debian-clang, r-devel-linux-x86_64-debian-gcc, r-devel-linux-x86_64-fedora-clang, r-devel-linux-x86_64-fedora-gcc, r-devel-macos-arm64, r-devel-macos-x86_64, r-devel-windows-x86_64, r-patched-linux-x86_64, r-release-linux-x86_64, r-release-macos-arm64, r-release-macos-x86_64, r-release-windows-x86_64