Last updated on 2024-05-21 02:54:34 CEST.
Flavor | Version | Tinstall | Tcheck | Ttotal | Status | Flags |
---|---|---|---|---|---|---|
r-devel-linux-x86_64-debian-clang | 1.6.0.1 | 5.44 | 52.97 | 58.41 | NOTE | |
r-devel-linux-x86_64-debian-gcc | 1.6.0.1 | 3.74 | 41.08 | 44.82 | NOTE | |
r-devel-linux-x86_64-fedora-clang | 1.6.0.1 | 73.22 | NOTE | |||
r-devel-linux-x86_64-fedora-gcc | 1.6.0.1 | 69.66 | NOTE | |||
r-devel-windows-x86_64 | 1.6.0.1 | 7.00 | 70.00 | 77.00 | NOTE | |
r-patched-linux-x86_64 | 1.6.0.1 | 4.77 | 51.47 | 56.24 | NOTE | |
r-release-linux-x86_64 | 1.6.0.1 | 4.23 | 53.16 | 57.39 | NOTE | |
r-release-macos-arm64 | 1.6.0.1 | 25.00 | NOTE | |||
r-release-windows-x86_64 | 1.6.0.1 | 8.00 | 71.00 | 79.00 | NOTE | |
r-oldrel-macos-arm64 | 1.6.0.1 | 30.00 | NOTE | |||
r-oldrel-macos-x86_64 | 1.6.0.1 | 40.00 | NOTE | |||
r-oldrel-windows-x86_64 | 1.6.0.1 | 8.00 | 70.00 | 78.00 | NOTE |
Version: 1.6.0.1
Check: Rd files
Result: NOTE
checkRd: (-1) carcinoma.Rd:8: Escaped LaTeX specials: \&
checkRd: (-1) poLCA.Rd:63: Escaped LaTeX specials: \&
checkRd: (-1) poLCA.Rd:69: Escaped LaTeX specials: \&
Flavors: r-devel-linux-x86_64-debian-clang, r-devel-linux-x86_64-debian-gcc, r-devel-linux-x86_64-fedora-clang, r-devel-linux-x86_64-fedora-gcc, r-devel-windows-x86_64, r-patched-linux-x86_64, r-release-linux-x86_64, r-release-macos-arm64, r-release-windows-x86_64, r-oldrel-macos-arm64, r-oldrel-macos-x86_64, r-oldrel-windows-x86_64
Version: 1.6.0.1
Check: Rd cross-references
Result: NOTE
Undeclared package ‘flexmix’ in Rd xrefs
Flavor: r-devel-linux-x86_64-fedora-clang