Last updated on 2025-02-21 02:52:21 CET.
Flavor | Version | Tinstall | Tcheck | Ttotal | Status | Flags |
---|---|---|---|---|---|---|
r-devel-linux-x86_64-debian-clang | 0.1 | 3.39 | 37.67 | 41.06 | NOTE | |
r-devel-linux-x86_64-debian-gcc | 0.1 | 2.37 | 29.40 | 31.77 | NOTE | |
r-devel-linux-x86_64-fedora-clang | 0.1 | 66.44 | NOTE | |||
r-devel-linux-x86_64-fedora-gcc | 0.1 | 92.77 | NOTE | |||
r-devel-macos-arm64 | 0.1 | 41.00 | NOTE | |||
r-devel-macos-x86_64 | 0.1 | 69.00 | NOTE | |||
r-devel-windows-x86_64 | 0.1 | 5.00 | 67.00 | 72.00 | NOTE | |
r-patched-linux-x86_64 | 0.1 | 3.58 | 35.58 | 39.16 | NOTE | |
r-release-linux-x86_64 | 0.1 | 3.59 | 35.61 | 39.20 | NOTE | |
r-release-macos-arm64 | 0.1 | 39.00 | NOTE | |||
r-release-macos-x86_64 | 0.1 | 53.00 | NOTE | |||
r-release-windows-x86_64 | 0.1 | 7.00 | 66.00 | 73.00 | NOTE | |
r-oldrel-macos-arm64 | 0.1 | 37.00 | NOTE | |||
r-oldrel-macos-x86_64 | 0.1 | 72.00 | NOTE | |||
r-oldrel-windows-x86_64 | 0.1 | 6.00 | 62.00 | 68.00 | NOTE |
Version: 0.1
Check: package subdirectories
Result: NOTE
Problems with news in ‘NEWS.md’:
No news entries found.
Flavors: r-devel-linux-x86_64-debian-clang, r-devel-linux-x86_64-debian-gcc, r-devel-linux-x86_64-fedora-clang, r-devel-linux-x86_64-fedora-gcc, r-devel-macos-arm64, r-devel-macos-x86_64, r-devel-windows-x86_64, r-patched-linux-x86_64, r-release-linux-x86_64, r-release-macos-arm64, r-release-macos-x86_64, r-release-windows-x86_64, r-oldrel-macos-arm64, r-oldrel-macos-x86_64, r-oldrel-windows-x86_64
Version: 0.1
Check: dependencies in R code
Result: NOTE
Namespace in Imports field not imported from: ‘dplyr’
All declared Imports should be used.
Flavors: r-devel-linux-x86_64-fedora-clang, r-devel-linux-x86_64-fedora-gcc
Version: 0.1
Check: LazyData
Result: NOTE
'LazyData' is specified without a 'data' directory
Flavors: r-patched-linux-x86_64, r-release-linux-x86_64, r-release-macos-arm64, r-release-macos-x86_64, r-release-windows-x86_64, r-oldrel-macos-arm64, r-oldrel-macos-x86_64, r-oldrel-windows-x86_64