Last updated on 2025-02-21 02:52:21 CET.
Flavor | Version | Tinstall | Tcheck | Ttotal | Status | Flags |
---|---|---|---|---|---|---|
r-devel-linux-x86_64-debian-clang | 0.8.9 | 23.02 | 258.53 | 281.55 | NOTE | |
r-devel-linux-x86_64-debian-gcc | 0.8.9 | 17.29 | 162.66 | 179.95 | NOTE | |
r-devel-linux-x86_64-fedora-clang | 0.8.9 | 446.54 | NOTE | |||
r-devel-linux-x86_64-fedora-gcc | 0.8.9 | 432.46 | NOTE | |||
r-devel-macos-arm64 | 0.8.9 | 113.00 | OK | |||
r-devel-macos-x86_64 | 0.8.9 | 215.00 | NOTE | |||
r-devel-windows-x86_64 | 0.8.9 | 25.00 | 254.00 | 279.00 | NOTE | |
r-patched-linux-x86_64 | 0.8.9 | 23.32 | 222.96 | 246.28 | OK | |
r-release-linux-x86_64 | 0.8.9 | 18.49 | 219.43 | 237.92 | OK | |
r-release-macos-arm64 | 0.8.9 | 98.00 | NOTE | |||
r-release-macos-x86_64 | 0.8.9 | 171.00 | NOTE | |||
r-release-windows-x86_64 | 0.8.9 | 28.00 | 236.00 | 264.00 | OK | |
r-oldrel-macos-arm64 | 0.8.9 | 195.00 | NOTE | |||
r-oldrel-macos-x86_64 | 0.8.9 | 266.00 | NOTE | |||
r-oldrel-windows-x86_64 | 0.8.9 | 33.00 | 298.00 | 331.00 | OK |
Version: 0.8.9
Check: DESCRIPTION meta-information
Result: NOTE
Missing dependency on R >= 4.1.0 because package code uses the pipe
|> or function shorthand \(...) syntax added in R 4.1.0.
File(s) using such syntax:
‘hits.R’ ‘size.R’ ‘utils.R’
Flavors: r-devel-linux-x86_64-debian-clang, r-devel-linux-x86_64-debian-gcc, r-devel-linux-x86_64-fedora-clang, r-devel-linux-x86_64-fedora-gcc, r-devel-macos-x86_64, r-devel-windows-x86_64
Version: 0.8.9
Check: installed package size
Result: NOTE
installed size is 5.2Mb
sub-directories of 1Mb or more:
R 2.1Mb
extdata 1.9Mb
Flavors: r-release-macos-arm64, r-release-macos-x86_64, r-oldrel-macos-arm64, r-oldrel-macos-x86_64