Last updated on 2025-02-21 02:52:21 CET.
Flavor | Version | Tinstall | Tcheck | Ttotal | Status | Flags |
---|---|---|---|---|---|---|
r-devel-linux-x86_64-debian-clang | 1.1.6 | 558.53 | 962.91 | 1521.44 | OK | |
r-devel-linux-x86_64-debian-gcc | 1.1.6 | 303.24 | 510.47 | 813.71 | OK | |
r-devel-linux-x86_64-fedora-clang | 1.1.6 | 2846.14 | OK | |||
r-devel-linux-x86_64-fedora-gcc | 1.1.6 | 2537.68 | OK | |||
r-devel-macos-arm64 | 1.1.6 | 511.00 | OK | |||
r-devel-macos-x86_64 | 1.1.6 | 1101.00 | OK | |||
r-devel-windows-x86_64 | 1.1.6 | 495.00 | 583.00 | 1078.00 | OK | |
r-patched-linux-x86_64 | 1.1.6 | 533.02 | 885.20 | 1418.22 | OK | |
r-release-linux-x86_64 | 1.1.6 | 461.92 | 869.92 | 1331.84 | OK | |
r-release-macos-arm64 | 1.1.6 | 350.00 | NOTE | |||
r-release-macos-x86_64 | 1.1.6 | 684.00 | NOTE | |||
r-release-windows-x86_64 | 1.1.6 | 502.00 | 587.00 | 1089.00 | NOTE | |
r-oldrel-macos-arm64 | 1.1.6 | 347.00 | NOTE | |||
r-oldrel-macos-x86_64 | 1.1.6 | 645.00 | NOTE | |||
r-oldrel-windows-x86_64 | 1.1.6 | 614.00 | 821.00 | 1435.00 | NOTE |
Version: 1.1.6
Check: installed package size
Result: NOTE
installed size is 13.4Mb
sub-directories of 1Mb or more:
R 7.1Mb
data 5.2Mb
Flavors: r-release-macos-arm64, r-release-macos-x86_64, r-release-windows-x86_64, r-oldrel-macos-arm64, r-oldrel-macos-x86_64, r-oldrel-windows-x86_64